Last updated on 2025-10-23 11:50:16 CEST.
Flavor | Version | Tinstall | Tcheck | Ttotal | Status | Flags |
---|---|---|---|---|---|---|
r-devel-linux-x86_64-debian-clang | 0.10.3 | 44.19 | 278.87 | 323.06 | NOTE | |
r-devel-linux-x86_64-debian-gcc | 0.10.3 | 31.99 | 191.45 | 223.44 | OK | |
r-devel-linux-x86_64-fedora-clang | 0.10.3 | 167.00 | 331.94 | 498.94 | OK | |
r-devel-linux-x86_64-fedora-gcc | 0.10.3 | 103.00 | 347.76 | 450.76 | OK | |
r-devel-windows-x86_64 | 0.10.3 | 33.00 | 275.00 | 308.00 | OK | |
r-patched-linux-x86_64 | 0.10.3 | 43.62 | 247.90 | 291.52 | OK | |
r-release-linux-x86_64 | 0.10.3 | 42.91 | 248.90 | 291.81 | OK | |
r-release-macos-arm64 | 0.10.3 | 23.00 | 112.00 | 135.00 | OK | |
r-release-macos-x86_64 | 0.10.3 | 46.00 | 221.00 | 267.00 | OK | |
r-release-windows-x86_64 | 0.10.3 | 49.00 | 276.00 | 325.00 | OK | |
r-oldrel-macos-arm64 | 0.10.3 | 21.00 | 117.00 | 138.00 | NOTE | |
r-oldrel-macos-x86_64 | 0.10.3 | 44.00 | 230.00 | 274.00 | NOTE | |
r-oldrel-windows-x86_64 | 0.10.3 | 36.00 | 349.00 | 385.00 | OK |
Version: 0.10.3
Check: HTML version of manual
Result: NOTE
Found the following HTML validation problems:
im_common_args.html:56:1 (im_common_args.Rd:18): Warning: missing </ul> before </div>
repFilter.html:120:1 (repFilter.Rd:59): Warning: missing </ul> before </div>
Flavor: r-devel-linux-x86_64-debian-clang
Version: 0.10.3
Check: installed package size
Result: NOTE
installed size is 5.2Mb
sub-directories of 1Mb or more:
data 2.4Mb
Flavors: r-oldrel-macos-arm64, r-oldrel-macos-x86_64
These binaries (installable software) and packages are in development.
They may not be fully stable and should be used with caution. We make no claims about them.