Last updated on 2024-07-27 15:50:21 CEST.
Flavor | Version | Tinstall | Tcheck | Ttotal | Status | Flags |
---|---|---|---|---|---|---|
r-devel-linux-x86_64-debian-clang | 0.8.7 | 48.78 | 204.55 | 253.33 | NOTE | |
r-devel-linux-x86_64-debian-gcc | 0.8.7 | NOTE | ||||
r-devel-linux-x86_64-fedora-clang | 0.8.7 | 341.27 | NOTE | |||
r-devel-linux-x86_64-fedora-gcc | 0.8.7 | 308.59 | NOTE | |||
r-devel-windows-x86_64 | 0.8.7 | 46.00 | 147.00 | 193.00 | NOTE | |
r-patched-linux-x86_64 | 0.8.7 | NOTE | ||||
r-release-linux-x86_64 | 0.8.7 | 48.86 | 197.24 | 246.10 | NOTE | |
r-release-macos-arm64 | 0.8.7 | 93.00 | NOTE | |||
r-release-macos-x86_64 | 0.8.7 | 147.00 | NOTE | |||
r-release-windows-x86_64 | 0.8.7 | 46.00 | 151.00 | 197.00 | NOTE | |
r-oldrel-macos-arm64 | 0.8.7 | 105.00 | NOTE | |||
r-oldrel-macos-x86_64 | 0.8.7 | 163.00 | NOTE | |||
r-oldrel-windows-x86_64 | 0.8.7 | 59.00 | 198.00 | 257.00 | NOTE |
Version: 0.8.7
Check: LazyData
Result: NOTE
'LazyData' is specified without a 'data' directory
Flavors: r-devel-linux-x86_64-debian-clang, r-devel-linux-x86_64-debian-gcc, r-devel-linux-x86_64-fedora-clang, r-devel-linux-x86_64-fedora-gcc, r-devel-windows-x86_64, r-patched-linux-x86_64, r-release-linux-x86_64, r-release-macos-arm64, r-release-macos-x86_64, r-release-windows-x86_64, r-oldrel-macos-arm64, r-oldrel-macos-x86_64, r-oldrel-windows-x86_64
Version: 0.8.7
Check: installed package size
Result: NOTE
installed size is 5.2Mb
sub-directories of 1Mb or more:
R 5.1Mb
Flavors: r-release-macos-arm64, r-release-macos-x86_64, r-oldrel-macos-arm64, r-oldrel-macos-x86_64
These binaries (installable software) and packages are in development.
They may not be fully stable and should be used with caution. We make no claims about them.