Last updated on 2024-07-27 15:50:21 CEST.
Flavor | Version | Tinstall | Tcheck | Ttotal | Status | Flags |
---|---|---|---|---|---|---|
r-devel-linux-x86_64-debian-clang | 0.5.0 | 5.89 | 61.42 | 67.31 | NOTE | |
r-devel-linux-x86_64-debian-gcc | 0.5.0 | NOTE | ||||
r-devel-linux-x86_64-fedora-clang | 0.5.0 | 92.60 | NOTE | |||
r-devel-linux-x86_64-fedora-gcc | 0.5.0 | 95.88 | NOTE | |||
r-devel-windows-x86_64 | 0.5.0 | 8.00 | 74.00 | 82.00 | NOTE | |
r-patched-linux-x86_64 | 0.5.0 | NOTE | ||||
r-release-linux-x86_64 | 0.5.0 | 6.76 | 58.34 | 65.10 | NOTE | |
r-release-macos-arm64 | 0.5.0 | 38.00 | NOTE | |||
r-release-macos-x86_64 | 0.5.0 | 57.00 | NOTE | |||
r-release-windows-x86_64 | 0.5.0 | 8.00 | 73.00 | 81.00 | NOTE | |
r-oldrel-macos-arm64 | 0.5.0 | 41.00 | OK | |||
r-oldrel-macos-x86_64 | 0.5.0 | 53.00 | OK | |||
r-oldrel-windows-x86_64 | 0.5.0 | 9.00 | 79.00 | 88.00 | OK |
Version: 0.5.0
Check: Rd files
Result: NOTE
checkRd: (-1) stringCSSRule.Rd:22: Lost braces
22 | using the {{placeholder}} convention.
| ^
checkRd: (-1) stringTemplate.Rd:23: Lost braces
23 | placeholders are marked using the {{placeholder}} convention.
| ^
checkRd: (-1) stringTemplate.Rd:12: Lost braces
12 | {{placeholder}} format.}
| ^
Flavors: r-devel-linux-x86_64-debian-clang, r-devel-linux-x86_64-debian-gcc, r-devel-linux-x86_64-fedora-clang, r-devel-linux-x86_64-fedora-gcc, r-devel-windows-x86_64, r-patched-linux-x86_64, r-release-linux-x86_64, r-release-macos-arm64, r-release-macos-x86_64, r-release-windows-x86_64
Version: 0.5.0
Check: Rd cross-references
Result: NOTE
Found the following Rd file(s) with Rd \link{} targets missing package
anchors:
flexPage.Rd: htmlDependency, tagList, shinyUI
flexPanel.Rd: HTML, htmlDependency, tagList
gridPage.Rd: htmlDependency, tagList, shinyUI
gridPanel.Rd: HTML, htmlDependency, tagList
stringCSSRule.Rd: htmlTemplate
stringTemplate.Rd: htmlTemplate
Please provide package anchors for all Rd \link{} targets not in the
package itself and the base packages.
Flavors: r-devel-linux-x86_64-debian-gcc, r-devel-windows-x86_64
These binaries (installable software) and packages are in development.
They may not be fully stable and should be used with caution. We make no claims about them.