CRAN Package Check Results for Package imp4p

Last updated on 2025-10-23 15:49:57 CEST.

Flavor Version Tinstall Tcheck Ttotal Status Flags
r-devel-linux-x86_64-debian-clang 1.2 41.98 117.60 159.58 NOTE
r-devel-linux-x86_64-debian-gcc 1.2 25.51 77.99 103.50 NOTE
r-devel-linux-x86_64-fedora-clang 1.2 129.00 134.15 263.15 OK
r-devel-linux-x86_64-fedora-gcc 1.2 87.00 136.83 223.83 OK
r-devel-windows-x86_64 1.2 47.00 138.00 185.00 OK
r-patched-linux-x86_64 1.2 37.99 108.67 146.66 OK
r-release-linux-x86_64 1.2 37.68 109.38 147.06 OK
r-release-macos-arm64 1.2 15.00 44.00 59.00 OK
r-release-macos-x86_64 1.2 20.00 79.00 99.00 OK
r-release-windows-x86_64 1.2 49.00 139.00 188.00 OK
r-oldrel-macos-arm64 1.2 18.00 42.00 60.00 OK
r-oldrel-macos-x86_64 1.2 18.00 66.00 84.00 OK
r-oldrel-windows-x86_64 1.2 59.00 176.00 235.00 OK

Check Details

Version: 1.2
Check: CRAN incoming feasibility
Result: NOTE Maintainer: ‘Quentin Giai Gianetto <quentin2g@yahoo.fr>’ No Authors@R field in DESCRIPTION. Please add one, modifying Authors@R: person(given = c("Quentin", "Giai"), family = "Gianetto", role = c("aut", "cre"), email = "quentin2g@yahoo.fr") as necessary. Flavors: r-devel-linux-x86_64-debian-clang, r-devel-linux-x86_64-debian-gcc

These binaries (installable software) and packages are in development.
They may not be fully stable and should be used with caution. We make no claims about them.