Last updated on 2025-05-01 08:52:36 CEST.
Flavor | Version | Tinstall | Tcheck | Ttotal | Status | Flags |
---|---|---|---|---|---|---|
r-devel-linux-x86_64-debian-clang | 1.2 | 38.24 | 106.95 | 145.19 | NOTE | |
r-devel-linux-x86_64-debian-gcc | 1.2 | 26.90 | 75.24 | 102.14 | NOTE | |
r-devel-linux-x86_64-fedora-clang | 1.2 | 236.14 | OK | |||
r-devel-linux-x86_64-fedora-gcc | 1.2 | 219.87 | OK | |||
r-devel-windows-x86_64 | 1.2 | 46.00 | 135.00 | 181.00 | OK | |
r-patched-linux-x86_64 | 1.2 | 37.47 | 100.90 | 138.37 | OK | |
r-release-linux-x86_64 | OK | |||||
r-release-macos-arm64 | 1.2 | 59.00 | OK | |||
r-release-macos-x86_64 | 1.2 | 99.00 | OK | |||
r-release-windows-x86_64 | 1.2 | 47.00 | 140.00 | 187.00 | OK | |
r-oldrel-macos-arm64 | 1.2 | 60.00 | OK | |||
r-oldrel-macos-x86_64 | 1.2 | 84.00 | OK | |||
r-oldrel-windows-x86_64 | 1.2 | 56.00 | 169.00 | 225.00 | OK |
Version: 1.2
Check: CRAN incoming feasibility
Result: NOTE
Maintainer: ‘Quentin Giai Gianetto <quentin2g@yahoo.fr>’
No Authors@R field in DESCRIPTION.
Please add one, modifying
Authors@R: person(given = c("Quentin", "Giai"),
family = "Gianetto",
role = c("aut", "cre"),
email = "quentin2g@yahoo.fr")
as necessary.
Flavors: r-devel-linux-x86_64-debian-clang, r-devel-linux-x86_64-debian-gcc
These binaries (installable software) and packages are in development.
They may not be fully stable and should be used with caution. We make no claims about them.