CRAN Package Check Results for Package impactflu

Last updated on 2025-05-08 04:52:07 CEST.

Flavor Version Tinstall Tcheck Ttotal Status Flags
r-devel-linux-x86_64-debian-clang 0.1.0 17.93 45.48 63.41 OK
r-devel-linux-x86_64-debian-gcc 0.1.0 15.42 32.84 48.26 OK
r-devel-linux-x86_64-fedora-clang 0.1.0 105.25 OK
r-devel-linux-x86_64-fedora-gcc 0.1.0 111.45 OK
r-devel-windows-x86_64 0.1.0 26.00 77.00 103.00 OK
r-patched-linux-x86_64 0.1.0 20.21 41.12 61.33 OK
r-release-linux-x86_64 0.1.0 18.06 41.74 59.80 OK
r-release-macos-arm64 0.1.0 35.00 OK
r-release-macos-x86_64 0.1.0 56.00 OK
r-release-windows-x86_64 0.1.0 24.00 78.00 102.00 OK
r-oldrel-macos-arm64 0.1.0 31.00 NOTE
r-oldrel-macos-x86_64 0.1.0 47.00 NOTE
r-oldrel-windows-x86_64 0.1.0 28.00 90.00 118.00 NOTE

Check Details

Version: 0.1.0
Check: LazyData
Result: NOTE 'LazyData' is specified without a 'data' directory Flavors: r-oldrel-macos-arm64, r-oldrel-macos-x86_64, r-oldrel-windows-x86_64

These binaries (installable software) and packages are in development.
They may not be fully stable and should be used with caution. We make no claims about them.