Last updated on 2025-10-03 13:49:37 CEST.
Flavor | Version | Tinstall | Tcheck | Ttotal | Status | Flags |
---|---|---|---|---|---|---|
r-devel-linux-x86_64-debian-clang | 0.1.0 | 19.55 | 47.43 | 66.98 | OK | |
r-devel-linux-x86_64-debian-gcc | 0.1.0 | 14.90 | 33.72 | 48.62 | OK | |
r-devel-linux-x86_64-fedora-clang | 0.1.0 | 101.45 | OK | |||
r-devel-linux-x86_64-fedora-gcc | 0.1.0 | 106.80 | OK | |||
r-devel-windows-x86_64 | 0.1.0 | 26.00 | 75.00 | 101.00 | OK | |
r-patched-linux-x86_64 | 0.1.0 | 20.05 | 42.67 | 62.72 | OK | |
r-release-linux-x86_64 | 0.1.0 | 20.71 | 42.31 | 63.02 | OK | |
r-release-macos-arm64 | 0.1.0 | 35.00 | OK | |||
r-release-macos-x86_64 | 0.1.0 | 56.00 | OK | |||
r-release-windows-x86_64 | 0.1.0 | 26.00 | 77.00 | 103.00 | OK | |
r-oldrel-macos-arm64 | 0.1.0 | 31.00 | NOTE | |||
r-oldrel-macos-x86_64 | 0.1.0 | 47.00 | NOTE | |||
r-oldrel-windows-x86_64 | 0.1.0 | 33.00 | 93.00 | 126.00 | NOTE |
Version: 0.1.0
Check: LazyData
Result: NOTE
'LazyData' is specified without a 'data' directory
Flavors: r-oldrel-macos-arm64, r-oldrel-macos-x86_64, r-oldrel-windows-x86_64
These binaries (installable software) and packages are in development.
They may not be fully stable and should be used with caution. We make no claims about them.