Last updated on 2025-02-02 16:49:10 CET.
Flavor | Version | Tinstall | Tcheck | Ttotal | Status | Flags |
---|---|---|---|---|---|---|
r-devel-linux-x86_64-debian-clang | 0.1.0 | 20.22 | 44.10 | 64.32 | OK | |
r-devel-linux-x86_64-debian-gcc | 0.1.0 | 15.16 | 32.54 | 47.70 | OK | |
r-devel-linux-x86_64-fedora-clang | 0.1.0 | 109.90 | OK | |||
r-devel-linux-x86_64-fedora-gcc | 0.1.0 | 106.89 | OK | |||
r-devel-windows-x86_64 | 0.1.0 | 25.00 | 82.00 | 107.00 | OK | |
r-patched-linux-x86_64 | 0.1.0 | 19.98 | 40.26 | 60.24 | NOTE | |
r-release-linux-x86_64 | 0.1.0 | 21.51 | 41.56 | 63.07 | NOTE | |
r-release-macos-arm64 | 0.1.0 | 31.00 | NOTE | |||
r-release-macos-x86_64 | 0.1.0 | 47.00 | NOTE | |||
r-release-windows-x86_64 | 0.1.0 | 26.00 | 76.00 | 102.00 | NOTE | |
r-oldrel-macos-arm64 | 0.1.0 | 35.00 | NOTE | |||
r-oldrel-macos-x86_64 | 0.1.0 | 57.00 | NOTE | |||
r-oldrel-windows-x86_64 | 0.1.0 | 26.00 | 89.00 | 115.00 | NOTE |
Version: 0.1.0
Check: LazyData
Result: NOTE
'LazyData' is specified without a 'data' directory
Flavors: r-patched-linux-x86_64, r-release-linux-x86_64, r-release-macos-arm64, r-release-macos-x86_64, r-release-windows-x86_64, r-oldrel-macos-arm64, r-oldrel-macos-x86_64, r-oldrel-windows-x86_64
These binaries (installable software) and packages are in development.
They may not be fully stable and should be used with caution. We make no claims about them.