Last updated on 2025-05-21 21:49:19 CEST.
Flavor | Version | Tinstall | Tcheck | Ttotal | Status | Flags |
---|---|---|---|---|---|---|
r-devel-linux-x86_64-debian-clang | 0.4.2 | 16.68 | 56.37 | 73.05 | OK | |
r-devel-linux-x86_64-debian-gcc | 0.4.2 | 12.47 | 41.49 | 53.96 | OK | |
r-devel-linux-x86_64-fedora-clang | 0.4.2 | 124.20 | OK | |||
r-devel-linux-x86_64-fedora-gcc | 0.4.2 | 132.18 | OK | |||
r-devel-windows-x86_64 | 0.4.2 | 22.00 | 105.00 | 127.00 | OK | |
r-patched-linux-x86_64 | 0.4.2 | 18.35 | 51.50 | 69.85 | OK | |
r-release-linux-x86_64 | 0.4.2 | 16.69 | 51.03 | 67.72 | OK | |
r-release-macos-arm64 | 0.4.2 | 41.00 | OK | |||
r-release-macos-x86_64 | 0.4.2 | 84.00 | OK | |||
r-release-windows-x86_64 | 0.4.2 | 23.00 | 112.00 | 135.00 | OK | |
r-oldrel-macos-arm64 | 0.4.2 | 42.00 | NOTE | |||
r-oldrel-macos-x86_64 | 0.4.2 | 59.00 | NOTE | |||
r-oldrel-windows-x86_64 | 0.4.2 | 27.00 | 105.00 | 132.00 | NOTE |
Version: 0.4.2
Check: package dependencies
Result: NOTE
Package suggested but not available for checking: ‘accdata’
Flavors: r-oldrel-macos-arm64, r-oldrel-macos-x86_64, r-oldrel-windows-x86_64
These binaries (installable software) and packages are in development.
They may not be fully stable and should be used with caution. We make no claims about them.