Last updated on 2025-10-02 23:48:54 CEST.
Flavor | Version | Tinstall | Tcheck | Ttotal | Status | Flags |
---|---|---|---|---|---|---|
r-devel-linux-x86_64-debian-clang | 0.4.2 | 16.97 | 58.12 | 75.09 | OK | |
r-devel-linux-x86_64-debian-gcc | 0.4.2 | 11.57 | 43.12 | 54.69 | OK | |
r-devel-linux-x86_64-fedora-clang | 0.4.2 | 130.02 | OK | |||
r-devel-linux-x86_64-fedora-gcc | 0.4.2 | 130.81 | OK | |||
r-devel-windows-x86_64 | 0.4.2 | 22.00 | 91.00 | 113.00 | OK | |
r-patched-linux-x86_64 | 0.4.2 | 16.73 | 53.56 | 70.29 | OK | |
r-release-linux-x86_64 | 0.4.2 | 16.75 | 53.63 | 70.38 | OK | |
r-release-macos-arm64 | 0.4.2 | 41.00 | OK | |||
r-release-macos-x86_64 | 0.4.2 | 84.00 | OK | |||
r-release-windows-x86_64 | 0.4.2 | 21.00 | 90.00 | 111.00 | OK | |
r-oldrel-macos-arm64 | 0.4.2 | 42.00 | NOTE | |||
r-oldrel-macos-x86_64 | 0.4.2 | 59.00 | NOTE | |||
r-oldrel-windows-x86_64 | 0.4.2 | 26.00 | 109.00 | 135.00 | NOTE |
Version: 0.4.2
Check: package dependencies
Result: NOTE
Package suggested but not available for checking: ‘accdata’
Flavors: r-oldrel-macos-arm64, r-oldrel-macos-x86_64, r-oldrel-windows-x86_64
These binaries (installable software) and packages are in development.
They may not be fully stable and should be used with caution. We make no claims about them.