CRAN Package Check Results for Package importinegi

Last updated on 2025-07-02 03:50:43 CEST.

Flavor Version Tinstall Tcheck Ttotal Status Flags
r-devel-linux-x86_64-debian-clang 1.2.1 2.77 27.81 30.58 OK
r-devel-linux-x86_64-debian-gcc 1.2.1 1.78 21.84 23.62 OK
r-devel-linux-x86_64-fedora-clang 1.2.1 50.18 NOTE
r-devel-linux-x86_64-fedora-gcc 1.2.1 57.81 NOTE
r-devel-windows-x86_64 1.2.1 5.00 50.00 55.00 OK
r-patched-linux-x86_64 OK
r-release-linux-x86_64 1.2.1 2.45 26.16 28.61 OK
r-release-macos-arm64 1.2.1 24.00 OK
r-release-macos-x86_64 1.2.1 46.00 OK
r-release-windows-x86_64 1.2.1 4.00 49.00 53.00 OK
r-oldrel-macos-arm64 1.2.1 24.00 OK
r-oldrel-macos-x86_64 1.2.1 36.00 OK
r-oldrel-windows-x86_64 1.2.1 5.00 56.00 61.00 OK

Check Details

Version: 1.2.1
Check: dependencies in R code
Result: NOTE Namespaces in Imports field not imported from: ‘data.table’ ‘dplyr’ ‘haven’ All declared Imports should be used. Flavors: r-devel-linux-x86_64-fedora-clang, r-devel-linux-x86_64-fedora-gcc

These binaries (installable software) and packages are in development.
They may not be fully stable and should be used with caution. We make no claims about them.