CRAN Package Check Results for Package imprecise101

Last updated on 2025-05-08 04:52:07 CEST.

Flavor Version Tinstall Tcheck Ttotal Status Flags
r-devel-linux-x86_64-debian-clang 0.2.2.4 1.99 26.26 28.25 OK
r-devel-linux-x86_64-debian-gcc 0.2.2.4 1.58 20.91 22.49 OK
r-devel-linux-x86_64-fedora-clang 0.2.2.4 43.86 NOTE
r-devel-linux-x86_64-fedora-gcc 0.2.2.4 58.60 NOTE
r-devel-windows-x86_64 0.2.2.4 3.00 46.00 49.00 OK
r-patched-linux-x86_64 0.2.2.4 2.14 25.29 27.43 OK
r-release-linux-x86_64 0.2.2.4 1.98 25.08 27.06 OK
r-release-macos-arm64 0.2.2.4 24.00 OK
r-release-macos-x86_64 0.2.2.4 44.00 OK
r-release-windows-x86_64 0.2.2.4 3.00 48.00 51.00 OK
r-oldrel-macos-arm64 0.2.2.4 23.00 OK
r-oldrel-macos-x86_64 0.2.2.4 34.00 OK
r-oldrel-windows-x86_64 0.2.2.4 4.00 49.00 53.00 OK

Check Details

Version: 0.2.2.4
Check: dependencies in R code
Result: NOTE Namespace in Imports field not imported from: ‘pscl’ All declared Imports should be used. Flavors: r-devel-linux-x86_64-fedora-clang, r-devel-linux-x86_64-fedora-gcc

These binaries (installable software) and packages are in development.
They may not be fully stable and should be used with caution. We make no claims about them.