Last updated on 2025-02-16 08:50:50 CET.
Flavor | Version | Tinstall | Tcheck | Ttotal | Status | Flags |
---|---|---|---|---|---|---|
r-devel-linux-x86_64-debian-clang | 0.2.2.4 | 1.80 | 25.62 | 27.42 | OK | |
r-devel-linux-x86_64-debian-gcc | 0.2.2.4 | 1.55 | 20.68 | 22.23 | OK | |
r-devel-linux-x86_64-fedora-clang | 0.2.2.4 | 45.99 | NOTE | |||
r-devel-linux-x86_64-fedora-gcc | 0.2.2.4 | 56.73 | NOTE | |||
r-devel-macos-arm64 | 0.2.2.4 | 26.00 | OK | |||
r-devel-macos-x86_64 | 0.2.2.4 | 44.00 | OK | |||
r-devel-windows-x86_64 | 0.2.2.4 | 3.00 | 52.00 | 55.00 | OK | |
r-patched-linux-x86_64 | 0.2.2.4 | 1.96 | 24.15 | 26.11 | OK | |
r-release-linux-x86_64 | 0.2.2.4 | 1.94 | 24.41 | 26.35 | OK | |
r-release-macos-arm64 | 0.2.2.4 | 23.00 | OK | |||
r-release-macos-x86_64 | 0.2.2.4 | 34.00 | OK | |||
r-release-windows-x86_64 | 0.2.2.4 | 4.00 | 47.00 | 51.00 | OK | |
r-oldrel-macos-arm64 | 0.2.2.4 | 23.00 | OK | |||
r-oldrel-macos-x86_64 | 0.2.2.4 | 33.00 | OK | |||
r-oldrel-windows-x86_64 | 0.2.2.4 | 4.00 | 49.00 | 53.00 | OK |
Version: 0.2.2.4
Check: dependencies in R code
Result: NOTE
Namespace in Imports field not imported from: ‘pscl’
All declared Imports should be used.
Flavors: r-devel-linux-x86_64-fedora-clang, r-devel-linux-x86_64-fedora-gcc
These binaries (installable software) and packages are in development.
They may not be fully stable and should be used with caution. We make no claims about them.