Last updated on 2025-02-16 08:50:50 CET.
Flavor | Version | Tinstall | Tcheck | Ttotal | Status | Flags |
---|---|---|---|---|---|---|
r-devel-linux-x86_64-debian-clang | 1.0 | 4.72 | 19.37 | 24.09 | OK | |
r-devel-linux-x86_64-debian-gcc | 1.0 | 4.59 | 15.29 | 19.88 | OK | |
r-devel-linux-x86_64-fedora-clang | 1.0 | 41.53 | OK | |||
r-devel-linux-x86_64-fedora-gcc | 1.0 | 39.64 | OK | |||
r-devel-macos-arm64 | 1.0 | 20.00 | OK | |||
r-devel-macos-x86_64 | 1.0 | 35.00 | OK | |||
r-devel-windows-x86_64 | 1.0 | 7.00 | 41.00 | 48.00 | OK | |
r-patched-linux-x86_64 | 1.0 | 4.90 | 18.85 | 23.75 | NOTE | |
r-release-linux-x86_64 | 1.0 | 5.84 | 18.71 | 24.55 | NOTE | |
r-release-macos-arm64 | 1.0 | 19.00 | NOTE | |||
r-release-macos-x86_64 | 1.0 | 29.00 | NOTE | |||
r-release-windows-x86_64 | 1.0 | 7.00 | 41.00 | 48.00 | NOTE | |
r-oldrel-macos-arm64 | 1.0 | 20.00 | NOTE | |||
r-oldrel-macos-x86_64 | 1.0 | 29.00 | NOTE | |||
r-oldrel-windows-x86_64 | 1.0 | 9.00 | 43.00 | 52.00 | NOTE |
Version: 1.0
Check: LazyData
Result: NOTE
'LazyData' is specified without a 'data' directory
Flavors: r-patched-linux-x86_64, r-release-linux-x86_64, r-release-macos-arm64, r-release-macos-x86_64, r-release-windows-x86_64, r-oldrel-macos-arm64, r-oldrel-macos-x86_64, r-oldrel-windows-x86_64
These binaries (installable software) and packages are in development.
They may not be fully stable and should be used with caution. We make no claims about them.