Last updated on 2025-02-16 08:50:50 CET.
Flavor | Version | Tinstall | Tcheck | Ttotal | Status | Flags |
---|---|---|---|---|---|---|
r-devel-linux-x86_64-debian-clang | 0.5.1 | 32.18 | 29.91 | 62.09 | NOTE | |
r-devel-linux-x86_64-debian-gcc | 0.5.1 | 25.15 | 23.58 | 48.73 | NOTE | |
r-devel-linux-x86_64-fedora-clang | 0.5.1 | 118.47 | NOTE | |||
r-devel-linux-x86_64-fedora-gcc | 0.5.1 | 120.65 | NOTE | |||
r-devel-macos-arm64 | 0.5.1 | 29.00 | NOTE | |||
r-devel-macos-x86_64 | 0.5.1 | 43.00 | NOTE | |||
r-devel-windows-x86_64 | 0.5.1 | 35.00 | 68.00 | 103.00 | NOTE | |
r-patched-linux-x86_64 | 0.5.1 | 34.05 | 28.74 | 62.79 | NOTE | |
r-release-linux-x86_64 | 0.5.1 | 34.52 | 28.08 | 62.60 | NOTE | |
r-release-macos-arm64 | 0.5.1 | 33.00 | NOTE | |||
r-release-macos-x86_64 | 0.5.1 | 40.00 | NOTE | |||
r-release-windows-x86_64 | 0.5.1 | 35.00 | 74.00 | 109.00 | NOTE | |
r-oldrel-macos-arm64 | 0.5.1 | 42.00 | NOTE | |||
r-oldrel-macos-x86_64 | 0.5.1 | 64.00 | NOTE | |||
r-oldrel-windows-x86_64 | 0.5.1 | 38.00 | 84.00 | 122.00 | NOTE |
Version: 0.5.1
Check: C++ specification
Result: NOTE
Specified C++11: please drop specification unless essential
Flavors: r-devel-linux-x86_64-debian-clang, r-devel-linux-x86_64-debian-gcc, r-devel-linux-x86_64-fedora-clang, r-devel-linux-x86_64-fedora-gcc, r-devel-macos-arm64, r-devel-macos-x86_64, r-devel-windows-x86_64, r-patched-linux-x86_64, r-release-linux-x86_64, r-release-macos-arm64, r-release-macos-x86_64, r-release-windows-x86_64, r-oldrel-macos-arm64, r-oldrel-macos-x86_64, r-oldrel-windows-x86_64
Version: 0.5.1
Check: Rd files
Result: NOTE
checkRd: (-1) imptree_params.Rd:26-27: Lost braces in \itemize; meant \describe ?
checkRd: (-1) imptree_params.Rd:28-29: Lost braces in \itemize; meant \describe ?
checkRd: (-1) imptree_params.Rd:30-31: Lost braces in \itemize; meant \describe ?
checkRd: (-1) predict.imptree.Rd:42: Lost braces in \itemize; \value handles \item{}{} directly
checkRd: (-1) predict.imptree.Rd:43: Lost braces in \itemize; \value handles \item{}{} directly
checkRd: (-1) predict.imptree.Rd:44: Lost braces in \itemize; \value handles \item{}{} directly
checkRd: (-1) predict.imptree.Rd:45-46: Lost braces in \itemize; \value handles \item{}{} directly
checkRd: (-1) predict.imptree.Rd:47-48: Lost braces in \itemize; \value handles \item{}{} directly
checkRd: (-1) predict.imptree.Rd:49: Lost braces in \itemize; \value handles \item{}{} directly
checkRd: (-1) predict.imptree.Rd:50: Lost braces in \itemize; \value handles \item{}{} directly
checkRd: (-1) predict.imptree.Rd:51: Lost braces in \itemize; \value handles \item{}{} directly
Flavors: r-devel-linux-x86_64-debian-clang, r-devel-linux-x86_64-debian-gcc, r-devel-linux-x86_64-fedora-clang, r-devel-linux-x86_64-fedora-gcc, r-devel-macos-arm64, r-devel-macos-x86_64, r-devel-windows-x86_64, r-patched-linux-x86_64, r-release-linux-x86_64, r-release-macos-arm64, r-release-macos-x86_64, r-release-windows-x86_64
These binaries (installable software) and packages are in development.
They may not be fully stable and should be used with caution. We make no claims about them.