Last updated on 2025-10-24 05:50:42 CEST.
| Flavor | Version | Tinstall | Tcheck | Ttotal | Status | Flags |
|---|---|---|---|---|---|---|
| r-devel-linux-x86_64-debian-clang | 0.1.0 | 6.69 | 61.48 | 68.17 | NOTE | |
| r-devel-linux-x86_64-debian-gcc | 0.1.0 | 4.49 | 44.11 | 48.60 | OK | |
| r-devel-linux-x86_64-fedora-clang | 0.1.0 | 18.00 | 89.60 | 107.60 | OK | |
| r-devel-linux-x86_64-fedora-gcc | 0.1.0 | 16.00 | 80.73 | 96.73 | OK | |
| r-devel-windows-x86_64 | 0.1.0 | 7.00 | 72.00 | 79.00 | OK | |
| r-patched-linux-x86_64 | 0.1.0 | 6.29 | 56.97 | 63.26 | OK | |
| r-release-linux-x86_64 | 0.1.0 | 6.36 | 56.91 | 63.27 | OK | |
| r-release-macos-arm64 | 0.1.0 | 2.00 | 24.00 | 26.00 | OK | |
| r-release-macos-x86_64 | 0.1.0 | 5.00 | 44.00 | 49.00 | OK | |
| r-release-windows-x86_64 | 0.1.0 | 9.00 | 73.00 | 82.00 | OK | |
| r-oldrel-macos-arm64 | 0.1.0 | 3.00 | 24.00 | 27.00 | OK | |
| r-oldrel-macos-x86_64 | 0.1.0 | 4.00 | 35.00 | 39.00 | OK | |
| r-oldrel-windows-x86_64 | 0.1.0 | 12.00 | 92.00 | 104.00 | OK |
Version: 0.1.0
Check: HTML version of manual
Result: NOTE
Found the following HTML validation problems:
impute_iterative.html:166:1 (impute_iterative.Rd:98): Warning: <h3> anchor "stop_fun" already defined
Flavor: r-devel-linux-x86_64-debian-clang
These binaries (installable software) and packages are in development.
They may not be fully stable and should be used with caution. We make no claims about them.