Last updated on 2025-10-03 11:50:47 CEST.
Flavor | Version | Tinstall | Tcheck | Ttotal | Status | Flags |
---|---|---|---|---|---|---|
r-devel-linux-x86_64-debian-clang | 3.0.3 | 9.26 | 84.29 | 93.55 | OK | |
r-devel-linux-x86_64-debian-gcc | 3.0.3 | 6.16 | 60.47 | 66.63 | OK | |
r-devel-linux-x86_64-fedora-clang | 3.0.3 | 142.39 | OK | |||
r-devel-linux-x86_64-fedora-gcc | 3.0.3 | 141.91 | OK | |||
r-devel-windows-x86_64 | 3.0.3 | 11.00 | 91.00 | 102.00 | OK | |
r-patched-linux-x86_64 | 3.0.3 | 9.37 | 79.90 | 89.27 | OK | |
r-release-linux-x86_64 | 3.0.3 | 9.01 | 79.56 | 88.57 | OK | |
r-release-macos-arm64 | 3.0.3 | 33.00 | OK | |||
r-release-macos-x86_64 | 3.0.3 | 72.00 | OK | |||
r-release-windows-x86_64 | 3.0.3 | 11.00 | 91.00 | 102.00 | OK | |
r-oldrel-macos-arm64 | 3.0.3 | 33.00 | NOTE | |||
r-oldrel-macos-x86_64 | 3.0.3 | 50.00 | NOTE | |||
r-oldrel-windows-x86_64 | 3.0.3 | 15.00 | 112.00 | 127.00 | NOTE |
Version: 3.0.3
Check: LazyData
Result: NOTE
'LazyData' is specified without a 'data' directory
Flavors: r-oldrel-macos-arm64, r-oldrel-macos-x86_64, r-oldrel-windows-x86_64
These binaries (installable software) and packages are in development.
They may not be fully stable and should be used with caution. We make no claims about them.