CRAN Package Check Results for Package imputeTestbench

Last updated on 2025-07-02 03:50:43 CEST.

Flavor Version Tinstall Tcheck Ttotal Status Flags
r-devel-linux-x86_64-debian-clang 3.0.3 7.44 73.78 81.22 OK
r-devel-linux-x86_64-debian-gcc 3.0.3 5.47 51.97 57.44 OK
r-devel-linux-x86_64-fedora-clang 3.0.3 127.35 OK
r-devel-linux-x86_64-fedora-gcc 3.0.3 111.08 OK
r-devel-windows-x86_64 3.0.3 9.00 84.00 93.00 OK
r-patched-linux-x86_64 OK
r-release-linux-x86_64 3.0.3 8.52 68.78 77.30 OK
r-release-macos-arm64 3.0.3 33.00 OK
r-release-macos-x86_64 3.0.3 72.00 OK
r-release-windows-x86_64 3.0.3 10.00 82.00 92.00 OK
r-oldrel-macos-arm64 3.0.3 33.00 NOTE
r-oldrel-macos-x86_64 3.0.3 50.00 NOTE
r-oldrel-windows-x86_64 3.0.3 12.00 105.00 117.00 NOTE

Check Details

Version: 3.0.3
Check: LazyData
Result: NOTE 'LazyData' is specified without a 'data' directory Flavors: r-oldrel-macos-arm64, r-oldrel-macos-x86_64, r-oldrel-windows-x86_64

These binaries (installable software) and packages are in development.
They may not be fully stable and should be used with caution. We make no claims about them.