Last updated on 2025-02-16 08:50:50 CET.
Flavor | Version | Tinstall | Tcheck | Ttotal | Status | Flags |
---|---|---|---|---|---|---|
r-devel-linux-x86_64-debian-clang | 3.0.3 | 7.67 | 67.17 | 74.84 | OK | |
r-devel-linux-x86_64-debian-gcc | 3.0.3 | 5.04 | 45.82 | 50.86 | OK | |
r-devel-linux-x86_64-fedora-clang | 3.0.3 | 114.24 | OK | |||
r-devel-linux-x86_64-fedora-gcc | 3.0.3 | 106.23 | OK | |||
r-devel-macos-arm64 | 3.0.3 | 32.00 | OK | |||
r-devel-macos-x86_64 | 3.0.3 | 72.00 | OK | |||
r-devel-windows-x86_64 | 3.0.3 | 8.00 | 76.00 | 84.00 | OK | |
r-patched-linux-x86_64 | 3.0.3 | 6.63 | 60.70 | 67.33 | NOTE | |
r-release-linux-x86_64 | 3.0.3 | 6.38 | 60.35 | 66.73 | NOTE | |
r-release-macos-arm64 | 3.0.3 | 33.00 | NOTE | |||
r-release-macos-x86_64 | 3.0.3 | 50.00 | NOTE | |||
r-release-windows-x86_64 | 3.0.3 | 9.00 | 78.00 | 87.00 | NOTE | |
r-oldrel-macos-arm64 | 3.0.3 | 36.00 | NOTE | |||
r-oldrel-macos-x86_64 | 3.0.3 | 57.00 | NOTE | |||
r-oldrel-windows-x86_64 | 3.0.3 | 12.00 | 92.00 | 104.00 | NOTE |
Version: 3.0.3
Check: LazyData
Result: NOTE
'LazyData' is specified without a 'data' directory
Flavors: r-patched-linux-x86_64, r-release-linux-x86_64, r-release-macos-arm64, r-release-macos-x86_64, r-release-windows-x86_64, r-oldrel-macos-arm64, r-oldrel-macos-x86_64, r-oldrel-windows-x86_64
These binaries (installable software) and packages are in development.
They may not be fully stable and should be used with caution. We make no claims about them.