Last updated on 2025-11-13 17:50:37 CET.
| Flavor | Version | Tinstall | Tcheck | Ttotal | Status | Flags |
|---|---|---|---|---|---|---|
| r-devel-linux-x86_64-debian-clang | 0.6.0 | 29.28 | 57.36 | 86.64 | OK | |
| r-devel-linux-x86_64-debian-gcc | 0.6.0 | 22.74 | 46.24 | 68.98 | OK | |
| r-devel-linux-x86_64-fedora-clang | 0.6.0 | 145.00 | 7.33 | 152.33 | OK | |
| r-devel-linux-x86_64-fedora-gcc | 0.6.0 | 77.00 | 77.80 | 154.80 | OK | |
| r-devel-windows-x86_64 | 0.6.0 | 35.00 | 103.00 | 138.00 | OK | |
| r-patched-linux-x86_64 | 0.6.0 | 32.45 | 57.93 | 90.38 | OK | |
| r-release-linux-x86_64 | 0.6.0 | 30.51 | 57.75 | 88.26 | OK | |
| r-release-macos-arm64 | 0.6.0 | 15.00 | 52.00 | 67.00 | OK | |
| r-release-macos-x86_64 | 0.6.0 | 27.00 | 65.00 | 92.00 | OK | |
| r-release-windows-x86_64 | 0.6.0 | 37.00 | 94.00 | 131.00 | OK | |
| r-oldrel-macos-arm64 | 0.6.0 | 12.00 | 44.00 | 56.00 | NOTE | |
| r-oldrel-macos-x86_64 | 0.6.0 | 23.00 | 73.00 | 96.00 | NOTE | |
| r-oldrel-windows-x86_64 | 0.6.0 | 42.00 | 115.00 | 157.00 | NOTE |
Version: 0.6.0
Check: installed package size
Result: NOTE
installed size is 18.3Mb
sub-directories of 1Mb or more:
doc 4.1Mb
libs 12.1Mb
Flavors: r-oldrel-macos-arm64, r-oldrel-macos-x86_64, r-oldrel-windows-x86_64
These binaries (installable software) and packages are in development.
They may not be fully stable and should be used with caution. We make no claims about them.