Last updated on 2025-02-16 08:50:50 CET.
Flavor | Version | Tinstall | Tcheck | Ttotal | Status | Flags |
---|---|---|---|---|---|---|
r-devel-linux-x86_64-debian-clang | 1.2.0 | 4.01 | 43.01 | 47.02 | NOTE | |
r-devel-linux-x86_64-debian-gcc | 1.2.0 | 2.98 | 30.57 | 33.55 | NOTE | |
r-devel-linux-x86_64-fedora-clang | 1.2.0 | 73.18 | NOTE | |||
r-devel-linux-x86_64-fedora-gcc | 1.2.0 | 69.41 | NOTE | |||
r-devel-macos-arm64 | 1.2.0 | 27.00 | NOTE | |||
r-devel-macos-x86_64 | 1.2.0 | 42.00 | NOTE | |||
r-devel-windows-x86_64 | 1.2.0 | 6.00 | 79.00 | 85.00 | NOTE | |
r-patched-linux-x86_64 | 1.2.0 | 6.24 | 38.96 | 45.20 | NOTE | |
r-release-linux-x86_64 | 1.2.0 | 4.31 | 38.35 | 42.66 | NOTE | |
r-release-macos-arm64 | 1.2.0 | 25.00 | NOTE | |||
r-release-macos-x86_64 | 1.2.0 | 35.00 | NOTE | |||
r-release-windows-x86_64 | 1.2.0 | 6.00 | 78.00 | 84.00 | NOTE | |
r-oldrel-macos-arm64 | 1.2.0 | 28.00 | OK | |||
r-oldrel-macos-x86_64 | 1.2.0 | 37.00 | OK | |||
r-oldrel-windows-x86_64 | 1.2.0 | 7.00 | 112.00 | 119.00 | OK |
Version: 1.2.0
Check: Rd files
Result: NOTE
checkRd: (-1) kmpp.Rd:27: Lost braces
27 | \item{call}{a string containing the matched function call that generates this sQuote{inaparc} object.}
| ^
Flavors: r-devel-linux-x86_64-debian-clang, r-devel-linux-x86_64-debian-gcc, r-devel-linux-x86_64-fedora-clang, r-devel-linux-x86_64-fedora-gcc, r-devel-macos-arm64, r-devel-macos-x86_64, r-devel-windows-x86_64, r-patched-linux-x86_64, r-release-linux-x86_64, r-release-macos-arm64, r-release-macos-x86_64, r-release-windows-x86_64
Version: 1.2.0
Check: for unstated dependencies in ‘demo’
Result: NOTE
'::' or ':::' imports not declared from:
‘GGally’ ‘NbClust’ ‘cluster’ ‘factoextra’ ‘vegclust’
Flavors: r-devel-linux-x86_64-debian-clang, r-devel-linux-x86_64-debian-gcc
These binaries (installable software) and packages are in development.
They may not be fully stable and should be used with caution. We make no claims about them.