CRAN Package Check Results for Package inbreedR

Last updated on 2025-11-11 17:50:01 CET.

Flavor Version Tinstall Tcheck Ttotal Status Flags
r-devel-linux-x86_64-debian-clang 0.3.3 3.33 62.99 66.32 NOTE
r-devel-linux-x86_64-debian-gcc 0.3.3 2.75 49.81 52.56 NOTE
r-devel-linux-x86_64-fedora-clang 0.3.3 23.00 85.11 108.11 OK
r-devel-linux-x86_64-fedora-gcc 0.3.3 109.00 OK
r-devel-windows-x86_64 0.3.3 5.00 84.00 89.00 OK
r-patched-linux-x86_64 0.3.3 3.62 57.76 61.38 OK
r-release-linux-x86_64 0.3.3 2.82 57.16 59.98 OK
r-release-macos-arm64 0.3.3 2.00 39.00 41.00 OK
r-release-macos-x86_64 0.3.3 3.00 85.00 88.00 OK
r-release-windows-x86_64 0.3.3 6.00 84.00 90.00 OK
r-oldrel-macos-arm64 0.3.3 2.00 38.00 40.00 OK
r-oldrel-macos-x86_64 0.3.3 3.00 65.00 68.00 OK
r-oldrel-windows-x86_64 0.3.3 5.00 96.00 101.00 OK

Check Details

Version: 0.3.3
Check: CRAN incoming feasibility
Result: NOTE Maintainer: ‘Martin A. Stoffel <martin.adam.stoffel@gmail.com>’ Package CITATION file contains call(s) to old-style personList() or as.personList(). Please use c() on person objects instead. Package CITATION file contains call(s) to old-style citEntry(). Please use bibentry() instead. Flavors: r-devel-linux-x86_64-debian-clang, r-devel-linux-x86_64-debian-gcc

These binaries (installable software) and packages are in development.
They may not be fully stable and should be used with caution. We make no claims about them.