Last updated on 2025-07-02 03:50:43 CEST.
Flavor | Version | Tinstall | Tcheck | Ttotal | Status | Flags |
---|---|---|---|---|---|---|
r-devel-linux-x86_64-debian-clang | 0.3.3 | 3.22 | 62.33 | 65.55 | NOTE | |
r-devel-linux-x86_64-debian-gcc | 0.3.3 | 2.53 | 46.53 | 49.06 | NOTE | |
r-devel-linux-x86_64-fedora-clang | 0.3.3 | 102.45 | OK | |||
r-devel-linux-x86_64-fedora-gcc | 0.3.3 | 103.57 | OK | |||
r-devel-windows-x86_64 | 0.3.3 | 5.00 | 87.00 | 92.00 | OK | |
r-patched-linux-x86_64 | OK | |||||
r-release-linux-x86_64 | 0.3.3 | 3.17 | 55.73 | 58.90 | OK | |
r-release-macos-arm64 | 0.3.3 | 41.00 | OK | |||
r-release-macos-x86_64 | 0.3.3 | 88.00 | OK | |||
r-release-windows-x86_64 | 0.3.3 | 7.00 | 85.00 | 92.00 | OK | |
r-oldrel-macos-arm64 | 0.3.3 | 40.00 | OK | |||
r-oldrel-macos-x86_64 | 0.3.3 | 68.00 | OK | |||
r-oldrel-windows-x86_64 | 0.3.3 | 6.00 | 98.00 | 104.00 | OK |
Version: 0.3.3
Check: CRAN incoming feasibility
Result: NOTE
Maintainer: ‘Martin A. Stoffel <martin.adam.stoffel@gmail.com>’
Package CITATION file contains call(s) to old-style personList() or
as.personList(). Please use c() on person objects instead.
Package CITATION file contains call(s) to old-style citEntry(). Please
use bibentry() instead.
Flavors: r-devel-linux-x86_64-debian-clang, r-devel-linux-x86_64-debian-gcc
These binaries (installable software) and packages are in development.
They may not be fully stable and should be used with caution. We make no claims about them.