CRAN Package Check Results for Package incase

Last updated on 2025-02-16 08:50:50 CET.

Flavor Version Tinstall Tcheck Ttotal Status Flags
r-devel-linux-x86_64-debian-clang 0.3.2 2.64 31.01 33.65 NOTE
r-devel-linux-x86_64-debian-gcc 0.3.2 1.99 23.44 25.43 NOTE
r-devel-linux-x86_64-fedora-clang 0.3.2 54.72 OK
r-devel-linux-x86_64-fedora-gcc 0.3.2 50.91 OK
r-devel-macos-arm64 0.3.2 19.00 OK
r-devel-macos-x86_64 0.3.2 35.00 OK
r-devel-windows-x86_64 0.3.2 4.00 58.00 62.00 NOTE
r-patched-linux-x86_64 0.3.2 4.84 30.71 35.55 OK
r-release-linux-x86_64 0.3.2 2.51 29.37 31.88 OK
r-release-macos-arm64 0.3.2 20.00 OK
r-release-macos-x86_64 0.3.2 29.00 OK
r-release-windows-x86_64 0.3.2 4.00 55.00 59.00 OK
r-oldrel-macos-arm64 0.3.2 22.00 OK
r-oldrel-macos-x86_64 0.3.2 44.00 OK
r-oldrel-windows-x86_64 0.3.2 5.00 57.00 62.00 OK

Check Details

Version: 0.3.2
Check: Rd cross-references
Result: NOTE Found the following Rd file(s) with Rd \link{} targets missing package anchors: if_case.Rd: magrittr Please provide package anchors for all Rd \link{} targets not in the package itself and the base packages. Flavors: r-devel-linux-x86_64-debian-clang, r-devel-linux-x86_64-debian-gcc, r-devel-windows-x86_64

These binaries (installable software) and packages are in development.
They may not be fully stable and should be used with caution. We make no claims about them.