Last updated on 2025-05-08 04:52:08 CEST.
Flavor | Version | Tinstall | Tcheck | Ttotal | Status | Flags |
---|---|---|---|---|---|---|
r-devel-linux-x86_64-debian-clang | 1.0.2 | 2.97 | 69.07 | 72.04 | NOTE | |
r-devel-linux-x86_64-debian-gcc | 1.0.2 | 2.03 | 49.27 | 51.30 | NOTE | |
r-devel-linux-x86_64-fedora-clang | 1.0.2 | 111.74 | OK | |||
r-devel-linux-x86_64-fedora-gcc | 1.0.2 | 128.33 | OK | |||
r-devel-windows-x86_64 | 1.0.2 | 4.00 | 107.00 | 111.00 | NOTE | |
r-patched-linux-x86_64 | 1.0.2 | 2.74 | 65.54 | 68.28 | NOTE | |
r-release-linux-x86_64 | 1.0.2 | 2.43 | 65.38 | 67.81 | NOTE | |
r-release-macos-arm64 | 1.0.2 | 67.00 | OK | |||
r-release-macos-x86_64 | 1.0.2 | 119.00 | OK | |||
r-release-windows-x86_64 | 1.0.2 | 5.00 | 106.00 | 111.00 | NOTE | |
r-oldrel-macos-arm64 | 1.0.2 | 57.00 | OK | |||
r-oldrel-macos-x86_64 | 1.0.2 | 93.00 | OK | |||
r-oldrel-windows-x86_64 | 1.0.2 | 5.00 | 119.00 | 124.00 | OK |
Version: 1.0.2
Check: Rd cross-references
Result: NOTE
Found the following Rd file(s) with Rd \link{} targets missing package
anchors:
add.blocks.Rd: igraph
curveball.Rd: igraph
incidence.from.adjacency.Rd: igraph
incidence.from.distribution.Rd: igraph
incidence.from.probability.Rd: igraph
incidence.from.vector.Rd: igraph
Please provide package anchors for all Rd \link{} targets not in the
package itself and the base packages.
Flavors: r-devel-linux-x86_64-debian-clang, r-devel-linux-x86_64-debian-gcc, r-devel-windows-x86_64, r-patched-linux-x86_64, r-release-linux-x86_64, r-release-windows-x86_64
These binaries (installable software) and packages are in development.
They may not be fully stable and should be used with caution. We make no claims about them.