CRAN Package Check Results for Package industRial

Last updated on 2025-05-08 04:52:08 CEST.

Flavor Version Tinstall Tcheck Ttotal Status Flags
r-devel-linux-x86_64-debian-clang 0.1.0 6.72 48.86 55.58 NOTE
r-devel-linux-x86_64-debian-gcc 0.1.0 4.06 35.62 39.68 NOTE
r-devel-linux-x86_64-fedora-clang 0.1.0 86.16 NOTE
r-devel-linux-x86_64-fedora-gcc 0.1.0 85.35 NOTE
r-devel-windows-x86_64 0.1.0 8.00 66.00 74.00 NOTE
r-patched-linux-x86_64 0.1.0 7.16 45.04 52.20 NOTE
r-release-linux-x86_64 0.1.0 6.56 45.04 51.60 NOTE
r-release-macos-arm64 0.1.0 25.00 NOTE
r-release-macos-x86_64 0.1.0 77.00 NOTE
r-release-windows-x86_64 0.1.0 9.00 65.00 74.00 NOTE
r-oldrel-macos-arm64 0.1.0 26.00 NOTE
r-oldrel-macos-x86_64 0.1.0 45.00 NOTE
r-oldrel-windows-x86_64 0.1.0 11.00 78.00 89.00 NOTE

Check Details

Version: 0.1.0
Check: Rd files
Result: NOTE checkRd: (-1) process_stats.Rd:11: Lost braces; missing escapes or markup? 11 | the {janitor} package} | ^ checkRd: (-1) theme_industRial.Rd:40: Lost braces; missing escapes or markup? 40 | adapted from the package {cowplot} by Claus O.Wilke and reflects the principles | ^ checkRd: (-1) theme_industRial.Rd:45: Lost braces; missing escapes or markup? 45 | It basically combines the half open theme with a grid background from {cowplot} | ^ Flavors: r-devel-linux-x86_64-debian-clang, r-devel-linux-x86_64-debian-gcc, r-devel-linux-x86_64-fedora-clang, r-devel-linux-x86_64-fedora-gcc, r-devel-windows-x86_64, r-patched-linux-x86_64, r-release-linux-x86_64, r-release-macos-arm64, r-release-macos-x86_64, r-release-windows-x86_64, r-oldrel-macos-arm64, r-oldrel-macos-x86_64, r-oldrel-windows-x86_64

These binaries (installable software) and packages are in development.
They may not be fully stable and should be used with caution. We make no claims about them.