Last updated on 2025-05-08 04:52:08 CEST.
Flavor | Version | Tinstall | Tcheck | Ttotal | Status | Flags |
---|---|---|---|---|---|---|
r-devel-linux-x86_64-debian-clang | 3.0.0 | 7.12 | 54.06 | 61.18 | NOTE | |
r-devel-linux-x86_64-debian-gcc | 3.0.0 | 4.53 | 39.88 | 44.41 | NOTE | |
r-devel-linux-x86_64-fedora-clang | 3.0.0 | 96.63 | OK | |||
r-devel-linux-x86_64-fedora-gcc | 3.0.0 | 98.36 | OK | |||
r-devel-windows-x86_64 | 3.0.0 | 9.00 | 68.00 | 77.00 | OK | |
r-patched-linux-x86_64 | 3.0.0 | 7.58 | 50.73 | 58.31 | OK | |
r-release-linux-x86_64 | 3.0.0 | 6.32 | 51.35 | 57.67 | OK | |
r-release-macos-arm64 | 3.0.0 | 34.00 | OK | |||
r-release-macos-x86_64 | 3.0.0 | 52.00 | OK | |||
r-release-windows-x86_64 | 3.0.0 | 9.00 | 71.00 | 80.00 | OK | |
r-oldrel-macos-arm64 | 3.0.0 | 29.00 | OK | |||
r-oldrel-macos-x86_64 | 3.0.0 | 47.00 | OK | |||
r-oldrel-windows-x86_64 | 3.0.0 | 12.00 | 80.00 | 92.00 | OK |
Version: 3.0.0
Check: CRAN incoming feasibility
Result: NOTE
Maintainer: ‘Eduardo Flores <eduardo@enelmargen.org>’
No Authors@R field in DESCRIPTION.
Please add one, modifying
Authors@R: person(given = "Eduardo",
family = "Flores",
role = c("aut", "cre"),
email = "eduardo@enelmargen.org")
as necessary.
Flavors: r-devel-linux-x86_64-debian-clang, r-devel-linux-x86_64-debian-gcc
These binaries (installable software) and packages are in development.
They may not be fully stable and should be used with caution. We make no claims about them.