CRAN Package Check Results for Package inferCSN

Last updated on 2025-10-03 11:50:48 CEST.

Flavor Version Tinstall Tcheck Ttotal Status Flags
r-devel-linux-x86_64-debian-clang 1.1.7 208.24 138.13 346.37 OK
r-devel-linux-x86_64-debian-gcc 1.1.7 155.30 95.00 250.30 OK
r-devel-linux-x86_64-fedora-clang 1.1.7 708.00 OK
r-devel-linux-x86_64-fedora-gcc 1.1.7 674.50 OK
r-devel-windows-x86_64 1.1.7 235.00 180.00 415.00 OK
r-patched-linux-x86_64 1.1.7 202.82 131.63 334.45 OK
r-release-linux-x86_64 1.1.7 206.52 131.22 337.74 OK
r-release-macos-arm64 1.1.7 140.00 OK
r-release-macos-x86_64 1.1.7 163.00 OK
r-release-windows-x86_64 1.1.7 236.00 185.00 421.00 OK
r-oldrel-macos-arm64 1.1.7 125.00 NOTE
r-oldrel-macos-x86_64 1.1.7 160.00 NOTE
r-oldrel-windows-x86_64 1.1.7 283.00 231.00 514.00 OK

Check Details

Version: 1.1.7
Check: installed package size
Result: NOTE installed size is 14.6Mb sub-directories of 1Mb or more: libs 13.2Mb Flavors: r-oldrel-macos-arm64, r-oldrel-macos-x86_64

These binaries (installable software) and packages are in development.
They may not be fully stable and should be used with caution. We make no claims about them.