Last updated on 2025-05-01 08:52:36 CEST.
Flavor | Version | Tinstall | Tcheck | Ttotal | Status | Flags |
---|---|---|---|---|---|---|
r-devel-linux-x86_64-debian-clang | 1.1.7 | 211.08 | 120.27 | 331.35 | NOTE | |
r-devel-linux-x86_64-debian-gcc | 1.1.7 | 152.19 | 86.82 | 239.01 | OK | |
r-devel-linux-x86_64-fedora-clang | 1.1.7 | 581.86 | OK | |||
r-devel-linux-x86_64-fedora-gcc | 1.1.7 | 592.56 | OK | |||
r-devel-windows-x86_64 | 1.1.7 | 233.00 | 173.00 | 406.00 | OK | |
r-patched-linux-x86_64 | 1.1.7 | 201.35 | 112.85 | 314.20 | OK | |
r-release-linux-x86_64 | OK | |||||
r-release-macos-arm64 | 1.1.7 | 140.00 | OK | |||
r-release-macos-x86_64 | 1.1.7 | 163.00 | OK | |||
r-release-windows-x86_64 | 1.1.7 | 235.00 | 175.00 | 410.00 | OK | |
r-oldrel-macos-arm64 | 1.1.7 | 125.00 | NOTE | |||
r-oldrel-macos-x86_64 | 1.1.7 | 160.00 | NOTE | |||
r-oldrel-windows-x86_64 | 1.1.7 | 269.00 | 213.00 | 482.00 | OK |
Version: 1.1.7
Check: examples
Result: NOTE
Examples with CPU (user + system) or elapsed time > 5s
user system elapsed
plot_network_heatmap 10.216 0.239 13.866
plot_scatter 3.989 0.126 5.046
subsampling 3.765 0.066 5.065
Flavor: r-devel-linux-x86_64-debian-clang
Version: 1.1.7
Check: examples
Result: NA
user system elapsed
plot_network_heatmap 6.334 0.189 7.574
OK
Flavor: r-devel-linux-x86_64-debian-gcc
Version: 1.1.7
Check: installed package size
Result: NOTE
installed size is 14.6Mb
sub-directories of 1Mb or more:
libs 13.2Mb
Flavors: r-oldrel-macos-arm64, r-oldrel-macos-x86_64
These binaries (installable software) and packages are in development.
They may not be fully stable and should be used with caution. We make no claims about them.