Last updated on 2025-10-23 17:50:51 CEST.
| Flavor | Version | Tinstall | Tcheck | Ttotal | Status | Flags |
|---|---|---|---|---|---|---|
| r-devel-linux-x86_64-debian-clang | 1.0.3 | 2.70 | 265.96 | 268.66 | NOTE | |
| r-devel-linux-x86_64-debian-gcc | 1.0.3 | 2.00 | 155.44 | 157.44 | OK | |
| r-devel-linux-x86_64-fedora-clang | 1.0.3 | 454.99 | OK | |||
| r-devel-linux-x86_64-fedora-gcc | 1.0.3 | 435.93 | OK | |||
| r-devel-windows-x86_64 | 1.0.3 | 5.00 | 247.00 | 252.00 | OK | |
| r-patched-linux-x86_64 | 1.0.3 | 2.83 | 253.02 | 255.85 | OK | |
| r-release-linux-x86_64 | 1.0.3 | 2.31 | 254.80 | 257.11 | OK | |
| r-release-macos-arm64 | 1.0.3 | 2.00 | 93.00 | 95.00 | OK | |
| r-release-macos-x86_64 | 1.0.3 | 2.00 | 352.00 | 354.00 | OK | |
| r-release-windows-x86_64 | 1.0.3 | 5.00 | 241.00 | 246.00 | OK | |
| r-oldrel-macos-arm64 | 1.0.3 | 1.00 | 91.00 | 92.00 | OK | |
| r-oldrel-macos-x86_64 | 1.0.3 | 4.00 | 331.00 | 335.00 | OK | |
| r-oldrel-windows-x86_64 | 1.0.3 | 6.00 | 351.00 | 357.00 | OK |
Version: 1.0.3
Check: HTML version of manual
Result: NOTE
Found the following HTML validation problems:
print.interference.html:51:1 (print.interference.Rd:12): Warning: missing </ul> before </div>
Flavor: r-devel-linux-x86_64-debian-clang
These binaries (installable software) and packages are in development.
They may not be fully stable and should be used with caution. We make no claims about them.