Last updated on 2024-07-27 15:50:21 CEST.
Flavor | Version | Tinstall | Tcheck | Ttotal | Status | Flags |
---|---|---|---|---|---|---|
r-devel-linux-x86_64-debian-clang | 1.0.2 | 3.29 | 51.35 | 54.64 | NOTE | |
r-devel-linux-x86_64-debian-gcc | 1.0.2 | NOTE | ||||
r-devel-linux-x86_64-fedora-clang | 1.0.2 | 72.85 | NOTE | |||
r-devel-linux-x86_64-fedora-gcc | 1.0.2 | 408.23 | NOTE | |||
r-devel-windows-x86_64 | 1.0.2 | 4.00 | 60.00 | 64.00 | NOTE | |
r-patched-linux-x86_64 | 1.0.2 | NOTE | ||||
r-release-linux-x86_64 | 1.0.2 | 3.33 | 48.85 | 52.18 | NOTE | |
r-release-macos-arm64 | 1.0.2 | 96.00 | NOTE | |||
r-release-macos-x86_64 | 1.0.2 | 157.00 | NOTE | |||
r-release-windows-x86_64 | 1.0.2 | 4.00 | 59.00 | 63.00 | NOTE | |
r-oldrel-macos-arm64 | 1.0.2 | 101.00 | OK | |||
r-oldrel-macos-x86_64 | 1.0.2 | 189.00 | OK | |||
r-oldrel-windows-x86_64 | 1.0.2 | 5.00 | 69.00 | 74.00 | OK |
Version: 1.0.2
Check: Rd files
Result: NOTE
checkRd: (-1) vaccinesim.Rd:10: Lost braces in \itemize; meant \describe ?
checkRd: (-1) vaccinesim.Rd:11: Lost braces in \itemize; meant \describe ?
checkRd: (-1) vaccinesim.Rd:12: Lost braces in \itemize; meant \describe ?
checkRd: (-1) vaccinesim.Rd:13: Lost braces in \itemize; meant \describe ?
checkRd: (-1) vaccinesim.Rd:14: Lost braces in \itemize; meant \describe ?
checkRd: (-1) vaccinesim.Rd:15: Lost braces in \itemize; meant \describe ?
checkRd: (-1) voters.Rd:10: Lost braces in \itemize; meant \describe ?
checkRd: (-1) voters.Rd:11: Lost braces in \itemize; meant \describe ?
checkRd: (-1) voters.Rd:12: Lost braces in \itemize; meant \describe ?
checkRd: (-1) voters.Rd:13: Lost braces in \itemize; meant \describe ?
checkRd: (-1) voters.Rd:14: Lost braces in \itemize; meant \describe ?
checkRd: (-1) voters.Rd:15: Lost braces in \itemize; meant \describe ?
checkRd: (-1) voters.Rd:16: Lost braces in \itemize; meant \describe ?
checkRd: (-1) voters.Rd:17: Lost braces in \itemize; meant \describe ?
checkRd: (-1) voters.Rd:18: Lost braces in \itemize; meant \describe ?
Flavors: r-devel-linux-x86_64-debian-clang, r-devel-linux-x86_64-debian-gcc, r-devel-linux-x86_64-fedora-clang, r-devel-linux-x86_64-fedora-gcc, r-devel-windows-x86_64, r-patched-linux-x86_64, r-release-linux-x86_64, r-release-macos-arm64, r-release-macos-x86_64, r-release-windows-x86_64
Version: 1.0.2
Check: Rd cross-references
Result: NOTE
Found the following Rd file(s) with Rd \link{} targets missing package
anchors:
score_calc.Rd: grad
score_matrix.Rd: grad
Please provide package anchors for all Rd \link{} targets not in the
package itself and the base packages.
Flavors: r-devel-linux-x86_64-debian-gcc, r-devel-windows-x86_64
These binaries (installable software) and packages are in development.
They may not be fully stable and should be used with caution. We make no claims about them.