CRAN Package Check Results for Package infinitefactor

Last updated on 2025-05-08 04:52:08 CEST.

Flavor Version Tinstall Tcheck Ttotal Status Flags
r-devel-linux-x86_64-debian-clang 1.0 39.45 65.54 104.99 NOTE
r-devel-linux-x86_64-debian-gcc 1.0 31.21 45.30 76.51 NOTE
r-devel-linux-x86_64-fedora-clang 1.0 170.90 NOTE
r-devel-linux-x86_64-fedora-gcc 1.0 197.40 NOTE
r-devel-windows-x86_64 1.0 51.00 97.00 148.00 NOTE
r-patched-linux-x86_64 1.0 41.39 59.42 100.81 NOTE
r-release-linux-x86_64 1.0 41.42 59.44 100.86 NOTE
r-release-macos-arm64 1.0 50.00 NOTE
r-release-macos-x86_64 1.0 75.00 NOTE
r-release-windows-x86_64 1.0 51.00 100.00 151.00 NOTE
r-oldrel-macos-arm64 1.0 46.00 NOTE
r-oldrel-macos-x86_64 1.0 65.00 NOTE
r-oldrel-windows-x86_64 1.0 59.00 118.00 177.00 NOTE

Check Details

Version: 1.0
Check: CRAN incoming feasibility
Result: NOTE Maintainer: ‘Evan Poworoznek <infinitefactorpackage@gmail.com>’ No Authors@R field in DESCRIPTION. Please add one, modifying Authors@R: person(given = "Evan", family = "Poworoznek", role = c("aut", "cre"), email = "infinitefactorpackage@gmail.com") as necessary. Flavors: r-devel-linux-x86_64-debian-clang, r-devel-linux-x86_64-debian-gcc

Version: 1.0
Check: C++ specification
Result: NOTE Specified C++11: please drop specification unless essential Flavors: r-devel-linux-x86_64-debian-clang, r-devel-linux-x86_64-debian-gcc, r-devel-linux-x86_64-fedora-clang, r-devel-linux-x86_64-fedora-gcc, r-devel-windows-x86_64, r-patched-linux-x86_64, r-release-linux-x86_64, r-release-macos-arm64, r-release-macos-x86_64, r-release-windows-x86_64, r-oldrel-macos-arm64, r-oldrel-macos-x86_64, r-oldrel-windows-x86_64

These binaries (installable software) and packages are in development.
They may not be fully stable and should be used with caution. We make no claims about them.