Last updated on 2025-05-01 15:49:34 CEST.
Flavor | Version | Tinstall | Tcheck | Ttotal | Status | Flags |
---|---|---|---|---|---|---|
r-devel-linux-x86_64-debian-clang | 0.1.2 | 13.08 | 50.04 | 63.12 | NOTE | |
r-devel-linux-x86_64-debian-gcc | 0.1.2 | 8.60 | 37.14 | 45.74 | NOTE | |
r-devel-linux-x86_64-fedora-clang | 0.1.2 | 100.85 | OK | |||
r-devel-linux-x86_64-fedora-gcc | 0.1.2 | 94.87 | OK | |||
r-devel-windows-x86_64 | 0.1.2 | 13.00 | 75.00 | 88.00 | OK | |
r-patched-linux-x86_64 | 0.1.2 | 11.90 | 47.61 | 59.51 | OK | |
r-release-linux-x86_64 | OK | |||||
r-release-macos-arm64 | 0.1.2 | 40.00 | OK | |||
r-release-macos-x86_64 | 0.1.2 | 64.00 | OK | |||
r-release-windows-x86_64 | 0.1.2 | 15.00 | 86.00 | 101.00 | OK | |
r-oldrel-macos-arm64 | 0.1.2 | 35.00 | OK | |||
r-oldrel-macos-x86_64 | 0.1.2 | 49.00 | OK | |||
r-oldrel-windows-x86_64 | 0.1.2 | 16.00 | 82.00 | 98.00 | OK |
Version: 0.1.2
Check: CRAN incoming feasibility
Result: NOTE
Maintainer: ‘Ales Pour <ales.pour@bonitoo.io>’
No Authors@R field in DESCRIPTION.
Please add one, modifying
Authors@R: person(given = "Ales",
family = "Pour",
role = c("aut", "cre"),
email = "ales.pour@bonitoo.io")
as necessary.
Flavors: r-devel-linux-x86_64-debian-clang, r-devel-linux-x86_64-debian-gcc
These binaries (installable software) and packages are in development.
They may not be fully stable and should be used with caution. We make no claims about them.