CRAN Package Check Results for Package infoDecompuTE

Last updated on 2025-11-16 03:49:59 CET.

Flavor Version Tinstall Tcheck Ttotal Status Flags
r-devel-linux-x86_64-debian-clang 0.6.2 3.66 34.71 38.37 NOTE
r-devel-linux-x86_64-debian-gcc 0.6.2 2.78 26.87 29.65 NOTE
r-devel-linux-x86_64-fedora-clang 0.6.2 18.00 41.78 59.78 NOTE
r-devel-linux-x86_64-fedora-gcc 0.6.2 52.33 NOTE
r-devel-windows-x86_64 0.6.2 6.00 53.00 59.00 NOTE
r-patched-linux-x86_64 0.6.2 4.72 32.17 36.89 NOTE
r-release-linux-x86_64 0.6.2 3.97 32.16 36.13 NOTE
r-release-macos-arm64 0.6.2 2.00 18.00 20.00 NOTE
r-release-macos-x86_64 0.6.2 3.00 31.00 34.00 NOTE
r-release-windows-x86_64 0.6.2 5.00 54.00 59.00 NOTE
r-oldrel-macos-arm64 0.6.2 1.00 18.00 19.00 NOTE
r-oldrel-macos-x86_64 0.6.2 3.00 25.00 28.00 NOTE
r-oldrel-windows-x86_64 0.6.2 4.00 63.00 67.00 NOTE

Check Details

Version: 0.6.2
Check: package subdirectories
Result: NOTE Problems with news in ‘NEWS.md’: No news entries found. Flavors: r-devel-linux-x86_64-debian-clang, r-devel-linux-x86_64-debian-gcc, r-devel-linux-x86_64-fedora-clang, r-devel-linux-x86_64-fedora-gcc, r-devel-windows-x86_64, r-patched-linux-x86_64, r-release-linux-x86_64, r-release-macos-arm64, r-release-macos-x86_64, r-release-windows-x86_64, r-oldrel-macos-arm64, r-oldrel-macos-x86_64, r-oldrel-windows-x86_64

These binaries (installable software) and packages are in development.
They may not be fully stable and should be used with caution. We make no claims about them.