CRAN Package Check Results for Package infoDecompuTE

Last updated on 2025-07-02 01:51:41 CEST.

Flavor Version Tinstall Tcheck Ttotal Status Flags
r-devel-linux-x86_64-debian-clang 0.6.2 3.37 33.81 37.18 NOTE
r-devel-linux-x86_64-debian-gcc 0.6.2 2.53 24.86 27.39 NOTE
r-devel-linux-x86_64-fedora-clang 0.6.2 59.70 NOTE
r-devel-linux-x86_64-fedora-gcc 0.6.2 51.85 NOTE
r-devel-windows-x86_64 0.6.2 4.00 58.00 62.00 NOTE
r-patched-linux-x86_64 NOTE
r-release-linux-x86_64 0.6.2 3.17 30.59 33.76 NOTE
r-release-macos-arm64 0.6.2 20.00 NOTE
r-release-macos-x86_64 0.6.2 34.00 NOTE
r-release-windows-x86_64 0.6.2 6.00 59.00 65.00 NOTE
r-oldrel-macos-arm64 0.6.2 19.00 NOTE
r-oldrel-macos-x86_64 0.6.2 28.00 NOTE
r-oldrel-windows-x86_64 0.6.2 6.00 61.00 67.00 NOTE

Check Details

Version: 0.6.2
Check: package subdirectories
Result: NOTE Problems with news in ‘NEWS.md’: No news entries found. Flavors: r-devel-linux-x86_64-debian-clang, r-devel-linux-x86_64-debian-gcc, r-devel-linux-x86_64-fedora-clang, r-devel-linux-x86_64-fedora-gcc, r-devel-windows-x86_64, r-patched-linux-x86_64, r-release-linux-x86_64, r-release-macos-arm64, r-release-macos-x86_64, r-release-windows-x86_64, r-oldrel-macos-arm64, r-oldrel-macos-x86_64, r-oldrel-windows-x86_64

These binaries (installable software) and packages are in development.
They may not be fully stable and should be used with caution. We make no claims about them.