Last updated on 2025-10-04 11:50:39 CEST.
Flavor | Version | Tinstall | Tcheck | Ttotal | Status | Flags |
---|---|---|---|---|---|---|
r-devel-linux-x86_64-debian-clang | 0.6.2 | 4.36 | 35.24 | 39.60 | NOTE | |
r-devel-linux-x86_64-debian-gcc | 0.6.2 | 2.80 | 25.91 | 28.71 | NOTE | |
r-devel-linux-x86_64-fedora-clang | 0.6.2 | 55.97 | NOTE | |||
r-devel-linux-x86_64-fedora-gcc | 0.6.2 | 56.55 | NOTE | |||
r-devel-windows-x86_64 | 0.6.2 | 5.00 | 56.00 | 61.00 | NOTE | |
r-patched-linux-x86_64 | 0.6.2 | 3.46 | 32.27 | 35.73 | NOTE | |
r-release-linux-x86_64 | 0.6.2 | 3.96 | 32.16 | 36.12 | NOTE | |
r-release-macos-arm64 | 0.6.2 | 20.00 | NOTE | |||
r-release-macos-x86_64 | 0.6.2 | 34.00 | NOTE | |||
r-release-windows-x86_64 | 0.6.2 | 5.00 | 56.00 | 61.00 | NOTE | |
r-oldrel-macos-arm64 | 0.6.2 | 19.00 | NOTE | |||
r-oldrel-macos-x86_64 | 0.6.2 | 28.00 | NOTE | |||
r-oldrel-windows-x86_64 | 0.6.2 | 7.00 | 68.00 | 75.00 | NOTE |
Version: 0.6.2
Check: package subdirectories
Result: NOTE
Problems with news in ‘NEWS.md’:
No news entries found.
Flavors: r-devel-linux-x86_64-debian-clang, r-devel-linux-x86_64-debian-gcc, r-devel-linux-x86_64-fedora-clang, r-devel-linux-x86_64-fedora-gcc, r-devel-windows-x86_64, r-patched-linux-x86_64, r-release-linux-x86_64, r-release-macos-arm64, r-release-macos-x86_64, r-release-windows-x86_64, r-oldrel-macos-arm64, r-oldrel-macos-x86_64, r-oldrel-windows-x86_64
These binaries (installable software) and packages are in development.
They may not be fully stable and should be used with caution. We make no claims about them.