Last updated on 2025-05-01 15:49:34 CEST.
Flavor | Version | Tinstall | Tcheck | Ttotal | Status | Flags |
---|---|---|---|---|---|---|
r-devel-linux-x86_64-debian-clang | 1.0.3 | 9.95 | 87.33 | 97.28 | NOTE | |
r-devel-linux-x86_64-debian-gcc | 1.0.3 | 6.17 | 62.54 | 68.71 | OK | |
r-devel-linux-x86_64-fedora-clang | 1.0.3 | 150.88 | OK | |||
r-devel-linux-x86_64-fedora-gcc | 1.0.3 | 144.11 | OK | |||
r-devel-windows-x86_64 | 1.0.3 | 10.00 | 94.00 | 104.00 | OK | |
r-patched-linux-x86_64 | 1.0.3 | 8.63 | 82.51 | 91.14 | OK | |
r-release-linux-x86_64 | OK | |||||
r-release-macos-arm64 | 1.0.3 | 45.00 | OK | |||
r-release-macos-x86_64 | 1.0.3 | 86.00 | OK | |||
r-release-windows-x86_64 | 1.0.3 | 11.00 | 98.00 | 109.00 | OK | |
r-oldrel-macos-arm64 | 1.0.3 | 41.00 | OK | |||
r-oldrel-macos-x86_64 | 1.0.3 | 102.00 | OK | |||
r-oldrel-windows-x86_64 | 1.0.3 | 12.00 | 114.00 | 126.00 | OK |
Version: 1.0.3
Check: examples
Result: NOTE
Examples with CPU (user + system) or elapsed time > 5s
user system elapsed
explore_q 13.829 0.023 17.814
Flavor: r-devel-linux-x86_64-debian-clang
Version: 1.0.3
Check: examples
Result: NA
user system elapsed
explore_q 7.862 0.018 9.703
OK
Flavor: r-devel-linux-x86_64-debian-gcc
These binaries (installable software) and packages are in development.
They may not be fully stable and should be used with caution. We make no claims about them.