Last updated on 2025-05-24 21:50:44 CEST.
Flavor | Version | Tinstall | Tcheck | Ttotal | Status | Flags |
---|---|---|---|---|---|---|
r-devel-linux-x86_64-debian-clang | 0.6 | 2.09 | 20.70 | 22.79 | NOTE | |
r-devel-linux-x86_64-debian-gcc | 0.6 | 1.67 | 16.02 | 17.69 | NOTE | |
r-devel-linux-x86_64-fedora-clang | 0.6 | 35.72 | NOTE | |||
r-devel-linux-x86_64-fedora-gcc | 0.6 | 33.93 | NOTE | |||
r-devel-windows-x86_64 | 0.6 | 4.00 | 64.00 | 68.00 | OK | |
r-patched-linux-x86_64 | 0.6 | 2.30 | 19.66 | 21.96 | NOTE | |
r-release-linux-x86_64 | 0.6 | 2.18 | 19.81 | 21.99 | NOTE | |
r-release-macos-arm64 | 0.6 | 17.00 | OK | |||
r-release-macos-x86_64 | 0.6 | 24.00 | OK | |||
r-release-windows-x86_64 | 0.6 | 4.00 | 42.00 | 46.00 | OK | |
r-oldrel-macos-arm64 | 0.6 | 15.00 | OK | |||
r-oldrel-macos-x86_64 | 0.6 | 21.00 | OK | |||
r-oldrel-windows-x86_64 | 0.6 | 4.00 | 46.00 | 50.00 | OK |
Version: 0.6
Check: CRAN incoming feasibility
Result: NOTE
Maintainer: ‘Jake Anderson <ajakef@gmail.com>’
No Authors@R field in DESCRIPTION.
Please add one, modifying
Authors@R: person(given = "Jake",
family = "Anderson",
role = c("aut", "cre"),
email = "ajakef@gmail.com")
as necessary.
Flavors: r-devel-linux-x86_64-debian-clang, r-devel-linux-x86_64-debian-gcc
Version: 0.6
Check: for non-standard things in the check directory
Result: NOTE
Found the following files/directories:
‘c.txt’ ‘rho.txt’ ‘sta.txt’ ‘topo.txt’
Flavors: r-devel-linux-x86_64-debian-clang, r-devel-linux-x86_64-debian-gcc, r-devel-linux-x86_64-fedora-clang, r-devel-linux-x86_64-fedora-gcc, r-patched-linux-x86_64, r-release-linux-x86_64
These binaries (installable software) and packages are in development.
They may not be fully stable and should be used with caution. We make no claims about them.