Last updated on 2025-05-08 04:52:08 CEST.
Flavor | Version | Tinstall | Tcheck | Ttotal | Status | Flags |
---|---|---|---|---|---|---|
r-devel-linux-x86_64-debian-clang | 2.3.0 | 7.22 | 787.13 | 794.35 | NOTE | |
r-devel-linux-x86_64-debian-gcc | 2.3.0 | 5.68 | 573.75 | 579.43 | NOTE | |
r-devel-linux-x86_64-fedora-clang | 2.3.0 | 1123.53 | OK | |||
r-devel-linux-x86_64-fedora-gcc | 2.3.0 | 1140.42 | OK | |||
r-devel-windows-x86_64 | 2.3.0 | 10.00 | 520.00 | 530.00 | OK | |
r-patched-linux-x86_64 | 2.3.0 | 7.67 | 766.82 | 774.49 | OK | |
r-release-linux-x86_64 | 2.3.0 | 6.24 | 780.16 | 786.40 | OK | |
r-release-macos-arm64 | 2.3.0 | 429.00 | OK | |||
r-release-macos-x86_64 | 2.3.0 | 505.00 | OK | |||
r-release-windows-x86_64 | 2.3.0 | 10.00 | 535.00 | 545.00 | OK | |
r-oldrel-macos-arm64 | 2.3.0 | 177.00 | OK | |||
r-oldrel-macos-x86_64 | 2.3.0 | 264.00 | OK | |||
r-oldrel-windows-x86_64 | 2.3.0 | 13.00 | 688.00 | 701.00 | OK |
Version: 2.3.0
Check: CRAN incoming feasibility
Result: NOTE
Maintainer: ‘Przemyslaw Biecek <przemyslaw.biecek@gmail.com>’
The Description field contains
universe (Biecek 2018) <arXiv:1806.08915>.
Please refer to arXiv e-prints via their arXiv DOI <doi:10.48550/arXiv.YYMM.NNNNN>.
Flavors: r-devel-linux-x86_64-debian-clang, r-devel-linux-x86_64-debian-gcc
These binaries (installable software) and packages are in development.
They may not be fully stable and should be used with caution. We make no claims about them.