Last updated on 2025-07-26 21:49:55 CEST.
Flavor | Version | Tinstall | Tcheck | Ttotal | Status | Flags |
---|---|---|---|---|---|---|
r-devel-linux-x86_64-debian-clang | 2.3.0 | 6.89 | 796.43 | 803.32 | NOTE | |
r-devel-linux-x86_64-debian-gcc | 2.3.0 | 4.83 | 570.22 | 575.05 | NOTE | |
r-devel-linux-x86_64-fedora-clang | 2.3.0 | 1115.51 | OK | |||
r-devel-linux-x86_64-fedora-gcc | 2.3.0 | 1049.37 | OK | |||
r-devel-windows-x86_64 | 2.3.0 | 11.00 | 597.00 | 608.00 | OK | |
r-patched-linux-x86_64 | 2.3.0 | 6.94 | 779.73 | 786.67 | OK | |
r-release-linux-x86_64 | 2.3.0 | 7.21 | 776.17 | 783.38 | OK | |
r-release-macos-arm64 | 2.3.0 | 429.00 | OK | |||
r-release-macos-x86_64 | 2.3.0 | 505.00 | OK | |||
r-release-windows-x86_64 | 2.3.0 | 10.00 | 515.00 | 525.00 | OK | |
r-oldrel-macos-arm64 | 2.3.0 | 177.00 | OK | |||
r-oldrel-macos-x86_64 | 2.3.0 | 264.00 | OK | |||
r-oldrel-windows-x86_64 | 2.3.0 | 12.00 | 697.00 | 709.00 | OK |
Version: 2.3.0
Check: CRAN incoming feasibility
Result: NOTE
Maintainer: ‘Przemyslaw Biecek <przemyslaw.biecek@gmail.com>’
The Description field contains
universe (Biecek 2018) <arXiv:1806.08915>.
Please refer to arXiv e-prints via their arXiv DOI <doi:10.48550/arXiv.YYMM.NNNNN>.
Flavors: r-devel-linux-x86_64-debian-clang, r-devel-linux-x86_64-debian-gcc
These binaries (installable software) and packages are in development.
They may not be fully stable and should be used with caution. We make no claims about them.