Last updated on 2025-11-12 12:53:12 CET.
| Flavor | Version | Tinstall | Tcheck | Ttotal | Status | Flags |
|---|---|---|---|---|---|---|
| r-devel-linux-x86_64-debian-clang | 2.3.0 | 8.39 | 771.00 | 779.39 | NOTE | |
| r-devel-linux-x86_64-debian-gcc | 2.3.0 | 4.84 | 578.34 | 583.18 | NOTE | |
| r-devel-linux-x86_64-fedora-clang | 2.3.0 | 35.00 | 1186.64 | 1221.64 | OK | |
| r-devel-linux-x86_64-fedora-gcc | 2.3.0 | 16.00 | 1085.58 | 1101.58 | OK | |
| r-devel-windows-x86_64 | 2.3.0 | 10.00 | 537.00 | 547.00 | OK | |
| r-patched-linux-x86_64 | 2.3.0 | 7.94 | 805.43 | 813.37 | OK | |
| r-release-linux-x86_64 | 2.3.0 | 7.44 | 788.60 | 796.04 | OK | |
| r-release-macos-arm64 | 2.3.0 | 3.00 | 426.00 | 429.00 | OK | |
| r-release-macos-x86_64 | 2.3.0 | 6.00 | 499.00 | 505.00 | OK | |
| r-release-windows-x86_64 | 2.3.0 | 11.00 | 534.00 | 545.00 | OK | |
| r-oldrel-macos-arm64 | 2.3.0 | 3.00 | 174.00 | 177.00 | OK | |
| r-oldrel-macos-x86_64 | 2.3.0 | 5.00 | 259.00 | 264.00 | OK | |
| r-oldrel-windows-x86_64 | 2.3.0 | 14.00 | 727.00 | 741.00 | OK |
Version: 2.3.0
Check: CRAN incoming feasibility
Result: NOTE
Maintainer: ‘Przemyslaw Biecek <przemyslaw.biecek@gmail.com>’
The Description field contains
universe (Biecek 2018) <arXiv:1806.08915>.
Please refer to arXiv e-prints via their arXiv DOI <doi:10.48550/arXiv.YYMM.NNNNN>.
Flavors: r-devel-linux-x86_64-debian-clang, r-devel-linux-x86_64-debian-gcc
These binaries (installable software) and packages are in development.
They may not be fully stable and should be used with caution. We make no claims about them.