CRAN Package Check Results for Package ini

Last updated on 2025-11-12 23:50:47 CET.

Flavor Version Tinstall Tcheck Ttotal Status Flags
r-devel-linux-x86_64-debian-clang 0.3.1 1.42 20.61 22.03 NOTE
r-devel-linux-x86_64-debian-gcc 0.3.1 1.33 17.42 18.75 NOTE
r-devel-linux-x86_64-fedora-clang 0.3.1 33.68 OK
r-devel-linux-x86_64-fedora-gcc 0.3.1 29.96 OK
r-devel-windows-x86_64 0.3.1 5.00 44.00 49.00 OK
r-patched-linux-x86_64 0.3.1 1.34 19.59 20.93 OK
r-release-linux-x86_64 0.3.1 1.29 19.53 20.82 OK
r-release-macos-arm64 0.3.1 1.00 13.00 14.00 OK
r-release-macos-x86_64 0.3.1 2.00 27.00 29.00 OK
r-release-windows-x86_64 0.3.1 4.00 44.00 48.00 OK
r-oldrel-macos-arm64 0.3.1 1.00 19.00 20.00 OK
r-oldrel-macos-x86_64 0.3.1 1.00 20.00 21.00 OK
r-oldrel-windows-x86_64 0.3.1 3.00 48.00 51.00 OK

Check Details

Version: 0.3.1
Check: CRAN incoming feasibility
Result: NOTE Maintainer: ‘David Valentim Dias <dvdscripter@gmail.com>’ No Authors@R field in DESCRIPTION. Please add one, modifying Authors@R: person(given = c("David", "Valentim"), family = "Dias", role = c("aut", "cre"), email = "dvdscripter@gmail.com") as necessary. Flavors: r-devel-linux-x86_64-debian-clang, r-devel-linux-x86_64-debian-gcc

These binaries (installable software) and packages are in development.
They may not be fully stable and should be used with caution. We make no claims about them.