Last updated on 2025-05-21 23:48:45 CEST.
Flavor | Version | Tinstall | Tcheck | Ttotal | Status | Flags |
---|---|---|---|---|---|---|
r-devel-linux-x86_64-debian-clang | 1.0.3 | 8.26 | 154.63 | 162.89 | NOTE | |
r-devel-linux-x86_64-debian-gcc | 1.0.3 | 5.34 | 108.40 | 113.74 | NOTE | |
r-devel-linux-x86_64-fedora-clang | 1.0.3 | 245.37 | NOTE | |||
r-devel-linux-x86_64-fedora-gcc | 1.0.3 | 250.58 | NOTE | |||
r-devel-windows-x86_64 | 1.0.3 | 9.00 | 162.00 | 171.00 | NOTE | |
r-patched-linux-x86_64 | 1.0.3 | 8.55 | 143.99 | 152.54 | NOTE | |
r-release-linux-x86_64 | 1.0.3 | 7.17 | 142.47 | 149.64 | NOTE | |
r-release-macos-arm64 | 1.0.3 | 70.00 | NOTE | |||
r-release-macos-x86_64 | 1.0.3 | 139.00 | NOTE | |||
r-release-windows-x86_64 | 1.0.3 | 9.00 | 147.00 | 156.00 | NOTE | |
r-oldrel-macos-arm64 | 1.0.3 | 68.00 | OK | |||
r-oldrel-macos-x86_64 | 1.0.3 | 105.00 | OK | |||
r-oldrel-windows-x86_64 | 1.0.3 | 14.00 | 184.00 | 198.00 | OK |
Version: 1.0.3
Check: DESCRIPTION meta-information
Result: NOTE
Missing dependency on R >= 4.1.0 because package code uses the pipe
|> or function shorthand \(...) syntax added in R 4.1.0.
File(s) using such syntax:
‘gg_injprev_polar.R’ ‘gg_injriskmatrix.R’ ‘helpers.R’ ‘injprev.R’
‘injsummary.R’ ‘prepare_data.R’ ‘utils.R’
Flavors: r-devel-linux-x86_64-debian-clang, r-devel-linux-x86_64-debian-gcc, r-devel-linux-x86_64-fedora-clang, r-devel-linux-x86_64-fedora-gcc, r-devel-windows-x86_64, r-patched-linux-x86_64, r-release-linux-x86_64, r-release-macos-arm64, r-release-macos-x86_64, r-release-windows-x86_64
These binaries (installable software) and packages are in development.
They may not be fully stable and should be used with caution. We make no claims about them.