Last updated on 2025-11-12 12:53:12 CET.
| Flavor | Version | Tinstall | Tcheck | Ttotal | Status | Flags |
|---|---|---|---|---|---|---|
| r-devel-linux-x86_64-debian-clang | 2.13.0 | 23.27 | 259.80 | 283.07 | OK | |
| r-devel-linux-x86_64-debian-gcc | 2.13.0 | 15.38 | 176.71 | 192.09 | OK | |
| r-devel-linux-x86_64-fedora-clang | 2.13.0 | 77.00 | 599.08 | 676.08 | OK | |
| r-devel-linux-x86_64-fedora-gcc | 2.13.0 | 47.00 | 595.50 | 642.50 | OK | |
| r-devel-windows-x86_64 | 2.13.0 | 29.00 | 262.00 | 291.00 | OK | |
| r-patched-linux-x86_64 | 2.13.0 | 26.13 | 246.48 | 272.61 | OK | |
| r-release-linux-x86_64 | 2.13.0 | 19.28 | 247.45 | 266.73 | OK | |
| r-release-macos-arm64 | 2.13.0 | 13.00 | 95.00 | 108.00 | OK | |
| r-release-macos-x86_64 | 2.13.0 | 21.00 | 212.00 | 233.00 | OK | |
| r-release-windows-x86_64 | 2.13.0 | 26.00 | 263.00 | 289.00 | OK | |
| r-oldrel-macos-arm64 | 2.13.0 | 8.00 | 98.00 | 106.00 | NOTE | |
| r-oldrel-macos-x86_64 | 2.13.0 | 22.00 | 195.00 | 217.00 | NOTE | |
| r-oldrel-windows-x86_64 | 2.13.0 | 35.00 | 337.00 | 372.00 | OK |
Version: 2.13.0
Check: package dependencies
Result: NOTE
Package suggested but not available for checking: ‘INLA’
Flavors: r-oldrel-macos-arm64, r-oldrel-macos-x86_64
These binaries (installable software) and packages are in development.
They may not be fully stable and should be used with caution. We make no claims about them.