Last updated on 2025-02-16 08:50:50 CET.
Flavor | Version | Tinstall | Tcheck | Ttotal | Status | Flags |
---|---|---|---|---|---|---|
r-devel-linux-x86_64-debian-clang | 2.12.0 | 21.53 | 234.98 | 256.51 | OK | |
r-devel-linux-x86_64-debian-gcc | 2.12.0 | 13.65 | 159.30 | 172.95 | OK | |
r-devel-linux-x86_64-fedora-clang | 2.12.0 | 461.00 | OK | |||
r-devel-linux-x86_64-fedora-gcc | 2.12.0 | 463.61 | OK | |||
r-devel-macos-arm64 | 2.12.0 | 111.00 | OK | |||
r-devel-macos-x86_64 | 2.12.0 | 250.00 | OK | |||
r-devel-windows-x86_64 | 2.12.0 | 25.00 | 246.00 | 271.00 | OK | |
r-patched-linux-x86_64 | 2.12.0 | 25.39 | 220.75 | 246.14 | NOTE | |
r-release-linux-x86_64 | 2.12.0 | 19.10 | 214.56 | 233.66 | NOTE | |
r-release-macos-arm64 | 2.12.0 | 120.00 | NOTE | |||
r-release-macos-x86_64 | 2.12.0 | 264.00 | NOTE | |||
r-release-windows-x86_64 | 2.12.0 | 25.00 | 237.00 | 262.00 | OK | |
r-oldrel-macos-arm64 | 2.12.0 | 108.00 | NOTE | |||
r-oldrel-macos-x86_64 | 2.12.0 | 253.00 | NOTE | |||
r-oldrel-windows-x86_64 | 2.12.0 | 32.00 | 291.00 | 323.00 | NOTE |
Version: 2.12.0
Check: package dependencies
Result: NOTE
Package suggested but not available for checking: ‘INLA’
Flavors: r-patched-linux-x86_64, r-release-linux-x86_64, r-release-macos-arm64, r-release-macos-x86_64, r-oldrel-macos-arm64, r-oldrel-macos-x86_64, r-oldrel-windows-x86_64
These binaries (installable software) and packages are in development.
They may not be fully stable and should be used with caution. We make no claims about them.