Last updated on 2025-07-24 03:50:01 CEST.
Flavor | Version | Tinstall | Tcheck | Ttotal | Status | Flags |
---|---|---|---|---|---|---|
r-devel-linux-x86_64-debian-clang | 2.13.0 | 23.05 | 249.26 | 272.31 | OK | |
r-devel-linux-x86_64-debian-gcc | 2.13.0 | 14.00 | 172.38 | 186.38 | OK | |
r-devel-linux-x86_64-fedora-clang | 2.13.0 | 739.81 | OK | |||
r-devel-linux-x86_64-fedora-gcc | 2.13.0 | 715.93 | OK | |||
r-devel-windows-x86_64 | 2.13.0 | 23.00 | 250.00 | 273.00 | OK | |
r-patched-linux-x86_64 | 2.13.0 | 25.12 | 233.84 | 258.96 | OK | |
r-release-linux-x86_64 | 2.13.0 | 22.87 | 232.49 | 255.36 | OK | |
r-release-macos-arm64 | 2.13.0 | 108.00 | OK | |||
r-release-macos-x86_64 | 2.13.0 | 233.00 | OK | |||
r-release-windows-x86_64 | 2.13.0 | 22.00 | 254.00 | 276.00 | OK | |
r-oldrel-macos-arm64 | 2.13.0 | 106.00 | NOTE | |||
r-oldrel-macos-x86_64 | 2.13.0 | 217.00 | NOTE | |||
r-oldrel-windows-x86_64 | 2.13.0 | 32.00 | 317.00 | 349.00 | OK |
Version: 2.13.0
Check: package dependencies
Result: NOTE
Package suggested but not available for checking: ‘INLA’
Flavors: r-oldrel-macos-arm64, r-oldrel-macos-x86_64
These binaries (installable software) and packages are in development.
They may not be fully stable and should be used with caution. We make no claims about them.