Last updated on 2025-05-01 08:52:36 CEST.
Flavor | Version | Tinstall | Tcheck | Ttotal | Status | Flags |
---|---|---|---|---|---|---|
r-devel-linux-x86_64-debian-clang | 0.3.21 | 2.89 | 48.77 | 51.66 | NOTE | |
r-devel-linux-x86_64-debian-gcc | 0.3.21 | 1.83 | 35.22 | 37.05 | OK | |
r-devel-linux-x86_64-fedora-clang | 0.3.21 | 76.76 | OK | |||
r-devel-linux-x86_64-fedora-gcc | 0.3.21 | 73.34 | OK | |||
r-devel-windows-x86_64 | 0.3.21 | 5.00 | 109.00 | 114.00 | OK | |
r-patched-linux-x86_64 | 0.3.21 | 2.11 | 42.32 | 44.43 | OK | |
r-release-linux-x86_64 | OK | |||||
r-release-macos-arm64 | 0.3.21 | 36.00 | OK | |||
r-release-macos-x86_64 | 0.3.21 | 69.00 | OK | |||
r-release-windows-x86_64 | 0.3.21 | 6.00 | 128.00 | 134.00 | OK | |
r-oldrel-macos-arm64 | 0.3.21 | 36.00 | OK | |||
r-oldrel-macos-x86_64 | 0.3.21 | 77.00 | OK | |||
r-oldrel-windows-x86_64 | 0.3.21 | 4.00 | 104.00 | 108.00 | OK |
Version: 0.3.21
Check: examples
Result: NOTE
Examples with CPU (user + system) or elapsed time > 5s
user system elapsed
cfunction 3.502 0.884 6.181
Flavor: r-devel-linux-x86_64-debian-clang
These binaries (installable software) and packages are in development.
They may not be fully stable and should be used with caution. We make no claims about them.