Last updated on 2025-07-26 21:49:55 CEST.
Flavor | Version | Tinstall | Tcheck | Ttotal | Status | Flags |
---|---|---|---|---|---|---|
r-devel-linux-x86_64-debian-clang | 0.1.12 | 6.16 | 60.38 | 66.54 | NOTE | |
r-devel-linux-x86_64-debian-gcc | 0.1.12 | 4.67 | 44.00 | 48.67 | NOTE | |
r-devel-linux-x86_64-fedora-clang | 0.1.12 | 104.27 | OK | |||
r-devel-linux-x86_64-fedora-gcc | 0.1.12 | 111.56 | OK | |||
r-devel-windows-x86_64 | 0.1.12 | 9.00 | 85.00 | 94.00 | OK | |
r-patched-linux-x86_64 | 0.1.12 | 7.35 | 56.77 | 64.12 | OK | |
r-release-linux-x86_64 | 0.1.12 | 6.42 | 55.93 | 62.35 | OK | |
r-release-macos-arm64 | 0.1.12 | 92.00 | OK | |||
r-release-macos-x86_64 | 0.1.12 | 67.00 | OK | |||
r-release-windows-x86_64 | 0.1.12 | 10.00 | 85.00 | 95.00 | OK | |
r-oldrel-macos-arm64 | 0.1.12 | 38.00 | OK | |||
r-oldrel-macos-x86_64 | 0.1.12 | 53.00 | OK | |||
r-oldrel-windows-x86_64 | 0.1.12 | 11.00 | 99.00 | 110.00 | OK |
Version: 0.1.12
Check: CRAN incoming feasibility
Result: NOTE
Maintainer: ‘Rebaudo Francois <francois.rebaudo@ird.fr>’
No Authors@R field in DESCRIPTION.
Please add one, modifying
Authors@R: person(given = "Rebaudo",
family = "Francois",
role = c("aut", "cre"),
email = "francois.rebaudo@ird.fr",
comment = "IRD, UMR EGCE, IRD, CNRS, Univ. ParisSaclay")
as necessary.
Flavors: r-devel-linux-x86_64-debian-clang, r-devel-linux-x86_64-debian-gcc
These binaries (installable software) and packages are in development.
They may not be fully stable and should be used with caution. We make no claims about them.