CRAN Package Check Results for Package inpdfr

Last updated on 2025-10-03 03:50:43 CEST.

Flavor Version Tinstall Tcheck Ttotal Status Flags
r-devel-linux-x86_64-debian-clang 0.1.12 7.25 69.57 76.82 NOTE
r-devel-linux-x86_64-debian-gcc 0.1.12 5.56 50.94 56.50 NOTE
r-devel-linux-x86_64-fedora-clang 0.1.12 119.01 OK
r-devel-linux-x86_64-fedora-gcc 0.1.12 132.43 OK
r-devel-windows-x86_64 0.1.12 9.00 92.00 101.00 OK
r-patched-linux-x86_64 0.1.12 7.17 65.69 72.86 OK
r-release-linux-x86_64 0.1.12 7.99 65.94 73.93 OK
r-release-macos-arm64 0.1.12 92.00 OK
r-release-macos-x86_64 0.1.12 67.00 OK
r-release-windows-x86_64 0.1.12 11.00 92.00 103.00 OK
r-oldrel-macos-arm64 0.1.12 38.00 OK
r-oldrel-macos-x86_64 0.1.12 53.00 OK
r-oldrel-windows-x86_64 0.1.12 13.00 111.00 124.00 OK

Check Details

Version: 0.1.12
Check: CRAN incoming feasibility
Result: NOTE Maintainer: ‘Rebaudo Francois <francois.rebaudo@ird.fr>’ No Authors@R field in DESCRIPTION. Please add one, modifying Authors@R: person(given = "Rebaudo", family = "Francois", role = c("aut", "cre"), email = "francois.rebaudo@ird.fr", comment = "IRD, UMR EGCE, IRD, CNRS, Univ. ParisSaclay") as necessary. Flavors: r-devel-linux-x86_64-debian-clang, r-devel-linux-x86_64-debian-gcc

These binaries (installable software) and packages are in development.
They may not be fully stable and should be used with caution. We make no claims about them.