Last updated on 2025-07-21 19:49:46 CEST.
Flavor | Version | Tinstall | Tcheck | Ttotal | Status | Flags |
---|---|---|---|---|---|---|
r-devel-linux-x86_64-debian-clang | 0.1.2 | 54.92 | 28.09 | 83.01 | OK | |
r-devel-linux-x86_64-debian-gcc | 0.1.2 | 40.36 | 22.03 | 62.39 | OK | |
r-devel-linux-x86_64-fedora-clang | 0.1.2 | 166.40 | OK | |||
r-devel-linux-x86_64-fedora-gcc | 0.1.2 | 152.65 | OK | |||
r-devel-windows-x86_64 | 0.1.2 | 62.00 | 62.00 | 124.00 | OK | |
r-patched-linux-x86_64 | 0.1.2 | 55.54 | 26.23 | 81.77 | OK | |
r-release-linux-x86_64 | 0.1.2 | 61.59 | 26.16 | 87.75 | OK | |
r-release-macos-arm64 | 0.1.2 | 38.00 | OK | |||
r-release-macos-x86_64 | 0.1.2 | 50.00 | OK | |||
r-release-windows-x86_64 | 0.1.2 | 69.00 | 66.00 | 135.00 | OK | |
r-oldrel-macos-arm64 | 0.1.2 | 41.00 | NOTE | |||
r-oldrel-macos-x86_64 | 0.1.2 | 45.00 | NOTE | |||
r-oldrel-windows-x86_64 | 0.1.2 | 60.00 | 77.00 | 137.00 | NOTE |
Version: 0.1.2
Check: LazyData
Result: NOTE
'LazyData' is specified without a 'data' directory
Flavors: r-oldrel-macos-arm64, r-oldrel-macos-x86_64, r-oldrel-windows-x86_64
These binaries (installable software) and packages are in development.
They may not be fully stable and should be used with caution. We make no claims about them.