Last updated on 2025-07-02 01:51:41 CEST.
Flavor | Version | Tinstall | Tcheck | Ttotal | Status | Flags |
---|---|---|---|---|---|---|
r-devel-linux-x86_64-debian-clang | 2.1.1 | 40.11 | 341.72 | 381.83 | OK | |
r-devel-linux-x86_64-debian-gcc | 2.1.1 | 26.30 | 219.25 | 245.55 | OK | |
r-devel-linux-x86_64-fedora-clang | 2.1.1 | 600.98 | OK | |||
r-devel-linux-x86_64-fedora-gcc | 2.1.1 | 598.05 | OK | |||
r-devel-windows-x86_64 | 2.1.1 | 37.00 | 260.00 | 297.00 | OK | |
r-patched-linux-x86_64 | OK | |||||
r-release-linux-x86_64 | 2.1.1 | 38.50 | 320.00 | 358.50 | OK | |
r-release-macos-arm64 | 2.1.1 | 137.00 | OK | |||
r-release-macos-x86_64 | 2.1.1 | 328.00 | OK | |||
r-release-windows-x86_64 | 2.1.1 | 38.00 | 252.00 | 290.00 | OK | |
r-oldrel-macos-arm64 | 2.1.1 | 154.00 | NOTE | |||
r-oldrel-macos-x86_64 | 2.1.1 | 210.00 | NOTE | |||
r-oldrel-windows-x86_64 | 2.1.1 | 53.00 | 362.00 | 415.00 | OK |
Version: 2.1.1
Check: package dependencies
Result: NOTE
Package suggested but not available for checking: ‘INLA’
Flavors: r-oldrel-macos-arm64, r-oldrel-macos-x86_64
Version: 2.1.1
Check: Rd cross-references
Result: NOTE
Package unavailable to check Rd xrefs: ‘INLA’
Flavors: r-oldrel-macos-arm64, r-oldrel-macos-x86_64
These binaries (installable software) and packages are in development.
They may not be fully stable and should be used with caution. We make no claims about them.