Last updated on 2025-02-16 08:50:50 CET.
Flavor | Version | Tinstall | Tcheck | Ttotal | Status | Flags |
---|---|---|---|---|---|---|
r-devel-linux-x86_64-debian-clang | 1.5-7 | 13.54 | 203.82 | 217.36 | NOTE | |
r-devel-linux-x86_64-debian-gcc | 1.5-7 | 11.66 | 137.06 | 148.72 | NOTE | |
r-devel-linux-x86_64-fedora-clang | 1.5-7 | 354.65 | OK | |||
r-devel-linux-x86_64-fedora-gcc | 1.5-7 | 312.13 | OK | |||
r-devel-macos-arm64 | 1.5-7 | 87.00 | OK | |||
r-devel-macos-x86_64 | 1.5-7 | 197.00 | OK | |||
r-devel-windows-x86_64 | 1.5-7 | 16.00 | 190.00 | 206.00 | OK | |
r-patched-linux-x86_64 | 1.5-7 | 15.06 | 191.07 | 206.13 | OK | |
r-release-linux-x86_64 | 1.5-7 | 11.75 | 186.50 | 198.25 | OK | |
r-release-macos-arm64 | 1.5-7 | 86.00 | OK | |||
r-release-macos-x86_64 | 1.5-7 | 137.00 | OK | |||
r-release-windows-x86_64 | 1.5-7 | 18.00 | 186.00 | 204.00 | OK | |
r-oldrel-macos-arm64 | 1.5-7 | 140.00 | OK | |||
r-oldrel-macos-x86_64 | 1.5-7 | 207.00 | OK | |||
r-oldrel-windows-x86_64 | 1.5-7 | 22.00 | 234.00 | 256.00 | OK |
Version: 1.5-7
Check: for unstated dependencies in ‘demo’
Result: NOTE
'library' or 'require' call not declared from: ‘rworldmap’
Flavors: r-devel-linux-x86_64-debian-clang, r-devel-linux-x86_64-debian-gcc
These binaries (installable software) and packages are in development.
They may not be fully stable and should be used with caution. We make no claims about them.