Last updated on 2025-05-01 08:52:36 CEST.
Flavor | Version | Tinstall | Tcheck | Ttotal | Status | Flags |
---|---|---|---|---|---|---|
r-devel-linux-x86_64-debian-clang | 3.0.4 | 7.18 | 47.01 | 54.19 | NOTE | |
r-devel-linux-x86_64-debian-gcc | 3.0.4 | 4.51 | 33.12 | 37.63 | NOTE | |
r-devel-linux-x86_64-fedora-clang | 3.0.4 | 84.48 | NOTE | |||
r-devel-linux-x86_64-fedora-gcc | 3.0.4 | 94.68 | NOTE | |||
r-devel-windows-x86_64 | 3.0.4 | 8.00 | 73.00 | 81.00 | OK | |
r-patched-linux-x86_64 | 3.0.4 | 6.55 | 43.73 | 50.28 | OK | |
r-release-linux-x86_64 | OK | |||||
r-release-macos-arm64 | 3.0.4 | 39.00 | OK | |||
r-release-macos-x86_64 | 3.0.4 | 56.00 | OK | |||
r-release-windows-x86_64 | 3.0.4 | 8.00 | 78.00 | 86.00 | OK | |
r-oldrel-macos-arm64 | 3.0.4 | 29.00 | OK | |||
r-oldrel-macos-x86_64 | 3.0.4 | 46.00 | OK | |||
r-oldrel-windows-x86_64 | 3.0.4 | 10.00 | 75.00 | 85.00 | OK |
Version: 3.0.4
Check: CRAN incoming feasibility
Result: NOTE
Maintainer: ‘Jun Park <jun.park@alumni.iu.edu>’
No Authors@R field in DESCRIPTION.
Please add one, modifying
Authors@R: c(person(given = "Giorgos",
family = "Bakoyannis",
role = "aut",
email = "gbakogia@iu.edu"),
person(given = "Jun",
family = "Park",
role = c("aut", "cre"),
email = "jun.park@alumni.iu.edu"))
as necessary.
Package CITATION file contains call(s) to old-style personList() or
as.personList(). Please use c() on person objects instead.
Package CITATION file contains call(s) to old-style citEntry(). Please
use bibentry() instead.
Flavors: r-devel-linux-x86_64-debian-clang, r-devel-linux-x86_64-debian-gcc
Version: 3.0.4
Check: dependencies in R code
Result: NOTE
Namespace in Imports field not imported from: ‘splines2’
All declared Imports should be used.
Flavors: r-devel-linux-x86_64-fedora-clang, r-devel-linux-x86_64-fedora-gcc
These binaries (installable software) and packages are in development.
They may not be fully stable and should be used with caution. We make no claims about them.