Last updated on 2025-05-01 12:49:31 CEST.
Flavor | Version | Tinstall | Tcheck | Ttotal | Status | Flags |
---|---|---|---|---|---|---|
r-devel-linux-x86_64-debian-clang | 0.1.2 | 3.06 | 38.94 | 42.00 | NOTE | |
r-devel-linux-x86_64-debian-gcc | 0.1.2 | 2.21 | 30.54 | 32.75 | NOTE | |
r-devel-linux-x86_64-fedora-clang | 0.1.2 | 64.34 | OK | |||
r-devel-linux-x86_64-fedora-gcc | 0.1.2 | 74.11 | OK | |||
r-devel-windows-x86_64 | 0.1.2 | 5.00 | 63.00 | 68.00 | OK | |
r-patched-linux-x86_64 | 0.1.2 | 2.95 | 36.32 | 39.27 | OK | |
r-release-linux-x86_64 | OK | |||||
r-release-macos-arm64 | 0.1.2 | 43.00 | OK | |||
r-release-macos-x86_64 | 0.1.2 | 61.00 | OK | |||
r-release-windows-x86_64 | 0.1.2 | 6.00 | 66.00 | 72.00 | OK | |
r-oldrel-macos-arm64 | 0.1.2 | 41.00 | OK | |||
r-oldrel-macos-x86_64 | 0.1.2 | 57.00 | OK | |||
r-oldrel-windows-x86_64 | 0.1.2 | 5.00 | 68.00 | 73.00 | OK |
Version: 0.1.2
Check: CRAN incoming feasibility
Result: NOTE
Maintainer: ‘Kasia Kulma <katarzyna.kulma@gmail.com>’
No Authors@R field in DESCRIPTION.
Please add one, modifying
Authors@R: person(given = "Kasia",
family = "Kulma",
role = c("aut", "cre"),
email = "katarzyna.kulma@gmail.com")
as necessary.
Flavors: r-devel-linux-x86_64-debian-clang, r-devel-linux-x86_64-debian-gcc
These binaries (installable software) and packages are in development.
They may not be fully stable and should be used with caution. We make no claims about them.