Last updated on 2025-10-23 17:50:51 CEST.
Flavor | Version | Tinstall | Tcheck | Ttotal | Status | Flags |
---|---|---|---|---|---|---|
r-devel-linux-x86_64-debian-clang | 1.4.0 | 3.60 | 223.06 | 226.66 | NOTE | |
r-devel-linux-x86_64-debian-gcc | 1.4.0 | 2.70 | 141.26 | 143.96 | OK | |
r-devel-linux-x86_64-fedora-clang | 1.4.0 | 13.00 | 342.41 | 355.41 | OK | |
r-devel-linux-x86_64-fedora-gcc | 1.4.0 | 333.88 | OK | |||
r-devel-windows-x86_64 | 1.4.0 | 7.00 | 205.00 | 212.00 | OK | |
r-patched-linux-x86_64 | 1.4.0 | 4.13 | 204.82 | 208.95 | OK | |
r-release-linux-x86_64 | 1.4.0 | 3.32 | 203.80 | 207.12 | OK | |
r-release-macos-arm64 | 1.4.0 | 2.00 | 81.00 | 83.00 | OK | |
r-release-macos-x86_64 | 1.4.0 | 4.00 | 185.00 | 189.00 | OK | |
r-release-windows-x86_64 | 1.4.0 | 7.00 | 204.00 | 211.00 | OK | |
r-oldrel-macos-arm64 | 1.4.0 | 2.00 | 30.00 | 32.00 | OK | |
r-oldrel-macos-x86_64 | 1.4.0 | 3.00 | 47.00 | 50.00 | OK | |
r-oldrel-windows-x86_64 | 1.4.0 | 8.00 | 270.00 | 278.00 | OK |
Version: 1.4.0
Check: HTML version of manual
Result: NOTE
Found the following HTML validation problems:
GeoreferencedGgplot2.netTools.html:64:1 (GeoreferencedGgplot2.netTools.Rd:25): Warning: missing </ul> before </div>
GeoreferencedPlot.netTools.html:59:1 (GeoreferencedPlot.netTools.Rd:20): Warning: missing </ul> before </div>
Flavor: r-devel-linux-x86_64-debian-clang
These binaries (installable software) and packages are in development.
They may not be fully stable and should be used with caution. We make no claims about them.