CRAN Package Check Results for Package interactionTest

Last updated on 2025-11-12 19:51:52 CET.

Flavor Version Tinstall Tcheck Ttotal Status Flags
r-devel-linux-x86_64-debian-clang 1.2 1.64 18.87 20.51 NOTE
r-devel-linux-x86_64-debian-gcc 1.2 1.28 15.63 16.91 NOTE
r-devel-linux-x86_64-fedora-clang 1.2 11.00 20.62 31.62 OK
r-devel-linux-x86_64-fedora-gcc 1.2 28.27 OK
r-devel-windows-x86_64 1.2 3.00 37.00 40.00 OK
r-patched-linux-x86_64 1.2 1.40 17.85 19.25 OK
r-release-linux-x86_64 1.2 1.64 17.89 19.53 OK
r-release-macos-arm64 1.2 1.00 14.00 15.00 OK
r-release-macos-x86_64 1.2 2.00 22.00 24.00 OK
r-release-windows-x86_64 1.2 2.00 37.00 39.00 OK
r-oldrel-macos-arm64 1.2 1.00 13.00 14.00 OK
r-oldrel-macos-x86_64 1.2 1.00 20.00 21.00 OK
r-oldrel-windows-x86_64 1.2 2.00 38.00 40.00 OK

Check Details

Version: 1.2
Check: CRAN incoming feasibility
Result: NOTE Maintainer: ‘Justin Esarey <justin@justinesarey.com>’ No Authors@R field in DESCRIPTION. Please add one, modifying Authors@R: c(person(given = "Justin", family = "Esarey", role = c("aut", "cre"), email = "justin@justinesarey.com"), person(given = c("Jane", "Lawrence"), family = "Sumner", role = "aut")) as necessary. Flavors: r-devel-linux-x86_64-debian-clang, r-devel-linux-x86_64-debian-gcc

These binaries (installable software) and packages are in development.
They may not be fully stable and should be used with caution. We make no claims about them.