Last updated on 2025-07-26 07:50:25 CEST.
Flavor | Version | Tinstall | Tcheck | Ttotal | Status | Flags |
---|---|---|---|---|---|---|
r-devel-linux-x86_64-debian-clang | 1.2.0 | 10.68 | 260.86 | 271.54 | OK | |
r-devel-linux-x86_64-debian-gcc | 1.2.0 | 8.16 | 180.27 | 188.43 | OK | |
r-devel-linux-x86_64-fedora-clang | 1.2.0 | 415.27 | NOTE | |||
r-devel-linux-x86_64-fedora-gcc | 1.2.0 | 411.70 | NOTE | |||
r-devel-windows-x86_64 | 1.2.0 | 12.00 | 225.00 | 237.00 | OK | |
r-patched-linux-x86_64 | 1.2.0 | 11.11 | 248.34 | 259.45 | OK | |
r-release-linux-x86_64 | 1.2.0 | 10.69 | 249.18 | 259.87 | OK | |
r-release-macos-arm64 | 1.2.0 | 139.00 | OK | |||
r-release-macos-x86_64 | 1.2.0 | 297.00 | OK | |||
r-release-windows-x86_64 | 1.2.0 | 11.00 | 227.00 | 238.00 | OK | |
r-oldrel-macos-arm64 | 1.2.0 | 115.00 | OK | |||
r-oldrel-macos-x86_64 | 1.2.0 | 347.00 | OK | |||
r-oldrel-windows-x86_64 | 1.2.0 | 16.00 | 309.00 | 325.00 | OK |
Version: 1.2.0
Check: dependencies in R code
Result: NOTE
Namespace in Imports field not imported from: ‘broom’
All declared Imports should be used.
Flavors: r-devel-linux-x86_64-fedora-clang, r-devel-linux-x86_64-fedora-gcc
These binaries (installable software) and packages are in development.
They may not be fully stable and should be used with caution. We make no claims about them.