Last updated on 2025-07-04 17:54:36 CEST.
Flavor | Version | Tinstall | Tcheck | Ttotal | Status | Flags |
---|---|---|---|---|---|---|
r-devel-linux-x86_64-debian-clang | 1.2.6 | 67.12 | 144.99 | 212.11 | NOTE | |
r-devel-linux-x86_64-debian-gcc | 1.2.6 | 46.59 | 97.03 | 143.62 | NOTE | |
r-devel-linux-x86_64-fedora-clang | 1.2.6 | 359.67 | NOTE | |||
r-devel-linux-x86_64-fedora-gcc | 1.2.6 | 323.15 | NOTE | |||
r-devel-windows-x86_64 | 1.2.6 | 72.00 | 145.00 | 217.00 | NOTE | |
r-patched-linux-x86_64 | 1.2.6 | 64.23 | 133.92 | 198.15 | NOTE | |
r-release-linux-x86_64 | 1.2.6 | 60.36 | 134.53 | 194.89 | NOTE | |
r-release-macos-arm64 | 1.2.6 | 83.00 | NOTE | |||
r-release-macos-x86_64 | 1.2.6 | 170.00 | NOTE | |||
r-release-windows-x86_64 | 1.2.6 | 72.00 | 143.00 | 215.00 | NOTE | |
r-oldrel-macos-arm64 | 1.2.6 | 80.00 | NOTE | |||
r-oldrel-macos-x86_64 | 1.2.6 | 113.00 | NOTE | |||
r-oldrel-windows-x86_64 | 1.2.6 | 94.00 | 192.00 | 286.00 | NOTE |
Version: 1.2.6
Check: C++ specification
Result: NOTE
Specified C++11: please drop specification unless essential
Flavors: r-devel-linux-x86_64-debian-clang, r-devel-linux-x86_64-debian-gcc, r-devel-linux-x86_64-fedora-clang, r-devel-linux-x86_64-fedora-gcc, r-devel-windows-x86_64, r-patched-linux-x86_64, r-release-linux-x86_64, r-release-macos-arm64, r-release-macos-x86_64, r-release-windows-x86_64, r-oldrel-macos-arm64, r-oldrel-macos-x86_64, r-oldrel-windows-x86_64
These binaries (installable software) and packages are in development.
They may not be fully stable and should be used with caution. We make no claims about them.