Last updated on 2025-05-01 08:52:36 CEST.
Flavor | Version | Tinstall | Tcheck | Ttotal | Status | Flags |
---|---|---|---|---|---|---|
r-devel-linux-x86_64-debian-clang | 1.2.6 | 66.09 | 143.12 | 209.21 | NOTE | |
r-devel-linux-x86_64-debian-gcc | 1.2.6 | 46.68 | 95.47 | 142.15 | NOTE | |
r-devel-linux-x86_64-fedora-clang | 1.2.6 | 341.06 | NOTE | |||
r-devel-linux-x86_64-fedora-gcc | 1.2.6 | 325.26 | NOTE | |||
r-devel-windows-x86_64 | 1.2.6 | 73.00 | 146.00 | 219.00 | NOTE | |
r-patched-linux-x86_64 | 1.2.6 | 65.87 | 134.41 | 200.28 | NOTE | |
r-release-linux-x86_64 | NOTE | |||||
r-release-macos-arm64 | 1.2.6 | 83.00 | NOTE | |||
r-release-macos-x86_64 | 1.2.6 | 170.00 | NOTE | |||
r-release-windows-x86_64 | 1.2.6 | 73.00 | 146.00 | 219.00 | NOTE | |
r-oldrel-macos-arm64 | 1.2.6 | 80.00 | NOTE | |||
r-oldrel-macos-x86_64 | 1.2.6 | 113.00 | NOTE | |||
r-oldrel-windows-x86_64 | 1.2.6 | 89.00 | 195.00 | 284.00 | NOTE |
Version: 1.2.6
Check: C++ specification
Result: NOTE
Specified C++11: please drop specification unless essential
Flavors: r-devel-linux-x86_64-debian-clang, r-devel-linux-x86_64-debian-gcc, r-devel-linux-x86_64-fedora-clang, r-devel-linux-x86_64-fedora-gcc, r-devel-windows-x86_64, r-patched-linux-x86_64, r-release-linux-x86_64, r-release-macos-arm64, r-release-macos-x86_64, r-release-windows-x86_64, r-oldrel-macos-arm64, r-oldrel-macos-x86_64, r-oldrel-windows-x86_64
These binaries (installable software) and packages are in development.
They may not be fully stable and should be used with caution. We make no claims about them.