Last updated on 2025-10-23 17:50:51 CEST.
Flavor | Version | Tinstall | Tcheck | Ttotal | Status | Flags |
---|---|---|---|---|---|---|
r-devel-linux-x86_64-debian-clang | 1.2.6 | 62.91 | 154.33 | 217.24 | WARN | |
r-devel-linux-x86_64-debian-gcc | 1.2.6 | 44.28 | 100.75 | 145.03 | WARN | |
r-devel-linux-x86_64-fedora-clang | 1.2.6 | 217.00 | 156.86 | 373.86 | NOTE | |
r-devel-linux-x86_64-fedora-gcc | 1.2.6 | 120.00 | 210.93 | 330.93 | NOTE | |
r-devel-windows-x86_64 | 1.2.6 | 73.00 | 152.00 | 225.00 | NOTE | |
r-patched-linux-x86_64 | 1.2.6 | 65.97 | 143.12 | 209.09 | NOTE | |
r-release-linux-x86_64 | 1.2.6 | 68.33 | 143.98 | 212.31 | NOTE | |
r-release-macos-arm64 | 1.2.6 | 27.00 | 56.00 | 83.00 | NOTE | |
r-release-macos-x86_64 | 1.2.6 | 37.00 | 133.00 | 170.00 | NOTE | |
r-release-windows-x86_64 | 1.2.6 | 74.00 | 150.00 | 224.00 | NOTE | |
r-oldrel-macos-arm64 | 1.2.6 | 26.00 | 54.00 | 80.00 | NOTE | |
r-oldrel-macos-x86_64 | 1.2.6 | 32.00 | 81.00 | 113.00 | NOTE | |
r-oldrel-windows-x86_64 | 1.2.6 | 95.00 | 201.00 | 296.00 | NOTE |
Version: 1.2.6
Check: whether package can be installed
Result: WARN
Found the following significant warnings:
/home/hornik/tmp/R.check/r-devel-clang/Work/build/Packages/RcppArmadillo/include/RcppArmadillo/version/arma.h:66:17: warning: Using fallback compilation with Armadillo 14.6.3. Please consider defining -DARMA_USE_CURRENT and also removing C++11 compilation directive. See GitHub issue #475 for more. [-W#pragma-messages]
See ‘/home/hornik/tmp/R.check/r-devel-clang/Work/PKGS/interflex.Rcheck/00install.out’ for details.
* used C++ compiler: ‘Debian clang version 19.1.7 (7)’
Flavor: r-devel-linux-x86_64-debian-clang
Version: 1.2.6
Check: C++ specification
Result: NOTE
Specified C++11: please drop specification unless essential
Flavors: r-devel-linux-x86_64-debian-clang, r-devel-linux-x86_64-debian-gcc, r-devel-linux-x86_64-fedora-clang, r-devel-linux-x86_64-fedora-gcc, r-devel-windows-x86_64, r-patched-linux-x86_64, r-release-linux-x86_64, r-release-macos-arm64, r-release-macos-x86_64, r-release-windows-x86_64, r-oldrel-macos-arm64, r-oldrel-macos-x86_64, r-oldrel-windows-x86_64
Version: 1.2.6
Check: whether package can be installed
Result: WARN
Found the following significant warnings:
/home/hornik/tmp/R.check/r-devel-gcc/Work/build/Packages/RcppArmadillo/include/RcppArmadillo/version/arma.h:66:199: note: ‘#pragma message: Using fallback compilation with Armadillo 14.6.3. Please consider defining -DARMA_USE_CURRENT and also removing C++11 compilation directive. See GitHub issue #475 for more.’
See ‘/home/hornik/tmp/R.check/r-devel-gcc/Work/PKGS/interflex.Rcheck/00install.out’ for details.
* used C++ compiler: ‘g++-15 (Debian 15.2.0-4) 15.2.0’
Flavor: r-devel-linux-x86_64-debian-gcc
These binaries (installable software) and packages are in development.
They may not be fully stable and should be used with caution. We make no claims about them.