Last updated on 2025-02-07 08:51:24 CET.
Flavor | Version | Tinstall | Tcheck | Ttotal | Status | Flags |
---|---|---|---|---|---|---|
r-devel-linux-x86_64-debian-clang | 1.2.6 | 67.77 | 136.33 | 204.10 | NOTE | |
r-devel-linux-x86_64-debian-gcc | 1.2.6 | 46.88 | 91.43 | 138.31 | NOTE | |
r-devel-linux-x86_64-fedora-clang | 1.2.6 | 368.98 | NOTE | |||
r-devel-linux-x86_64-fedora-gcc | 1.2.6 | 337.82 | NOTE | |||
r-devel-windows-x86_64 | 1.2.6 | 67.00 | 142.00 | 209.00 | NOTE | |
r-patched-linux-x86_64 | 1.2.6 | 66.81 | 128.32 | 195.13 | NOTE | |
r-release-linux-x86_64 | 1.2.6 | 62.79 | 131.34 | 194.13 | NOTE | |
r-release-macos-arm64 | 1.2.6 | 80.00 | NOTE | |||
r-release-macos-x86_64 | 1.2.6 | 113.00 | NOTE | |||
r-release-windows-x86_64 | 1.2.6 | 67.00 | 136.00 | 203.00 | NOTE | |
r-oldrel-macos-arm64 | 1.2.6 | 90.00 | NOTE | |||
r-oldrel-macos-x86_64 | 1.2.6 | 148.00 | NOTE | |||
r-oldrel-windows-x86_64 | 1.2.6 | 85.00 | 177.00 | 262.00 | NOTE |
Version: 1.2.6
Check: C++ specification
Result: NOTE
Specified C++11: please drop specification unless essential
Flavors: r-devel-linux-x86_64-debian-clang, r-devel-linux-x86_64-debian-gcc, r-devel-linux-x86_64-fedora-clang, r-devel-linux-x86_64-fedora-gcc, r-devel-windows-x86_64, r-patched-linux-x86_64, r-release-linux-x86_64, r-release-macos-arm64, r-release-macos-x86_64, r-release-windows-x86_64, r-oldrel-macos-arm64, r-oldrel-macos-x86_64, r-oldrel-windows-x86_64
These binaries (installable software) and packages are in development.
They may not be fully stable and should be used with caution. We make no claims about them.