CRAN Package Check Results for Package interp

Last updated on 2025-05-08 04:52:08 CEST.

Flavor Version Tinstall Tcheck Ttotal Status Flags
r-devel-linux-x86_64-debian-clang 1.1-6 181.35 187.87 369.22 OK
r-devel-linux-x86_64-debian-gcc 1.1-6 107.29 130.59 237.88 OK
r-devel-linux-x86_64-fedora-clang 1.1-6 511.99 OK
r-devel-linux-x86_64-fedora-gcc 1.1-6 652.37 OK
r-devel-windows-x86_64 1.1-6 137.00 286.00 423.00 OK
r-patched-linux-x86_64 1.1-6 152.91 193.39 346.30 OK
r-release-linux-x86_64 1.1-6 155.56 188.89 344.45 OK
r-release-macos-arm64 1.1-6 164.00 OK
r-release-macos-x86_64 1.1-6 279.00 OK
r-release-windows-x86_64 1.1-6 133.00 287.00 420.00 OK
r-oldrel-macos-arm64 1.1-6 178.00 NOTE
r-oldrel-macos-x86_64 1.1-6 199.00 NOTE
r-oldrel-windows-x86_64 1.1-6 161.00 341.00 502.00 OK

Check Details

Version: 1.1-6
Check: installed package size
Result: NOTE installed size is 39.5Mb sub-directories of 1Mb or more: doc 1.1Mb libs 38.1Mb Flavors: r-oldrel-macos-arm64, r-oldrel-macos-x86_64

These binaries (installable software) and packages are in development.
They may not be fully stable and should be used with caution. We make no claims about them.