Last updated on 2025-05-21 17:52:15 CEST.
Flavor | Version | Tinstall | Tcheck | Ttotal | Status | Flags |
---|---|---|---|---|---|---|
r-devel-linux-x86_64-debian-clang | 0.1.1 | 41.89 | 22.27 | 64.16 | OK | |
r-devel-linux-x86_64-debian-gcc | 0.1.1 | 38.72 | 17.91 | 56.63 | OK | |
r-devel-linux-x86_64-fedora-clang | 0.1.1 | 116.51 | OK | |||
r-devel-linux-x86_64-fedora-gcc | 0.1.1 | 146.97 | OK | |||
r-devel-windows-x86_64 | 0.1.1 | 63.00 | 75.00 | 138.00 | OK | |
r-patched-linux-x86_64 | 0.1.1 | 51.66 | 21.33 | 72.99 | OK | |
r-release-linux-x86_64 | 0.1.1 | 53.65 | 21.52 | 75.17 | OK | |
r-release-macos-arm64 | 0.1.1 | 41.00 | OK | |||
r-release-macos-x86_64 | 0.1.1 | 58.00 | OK | |||
r-release-windows-x86_64 | 0.1.1 | 62.00 | 73.00 | 135.00 | OK | |
r-oldrel-macos-arm64 | 0.1.1 | 29.00 | NOTE | |||
r-oldrel-macos-x86_64 | 0.1.1 | 50.00 | NOTE | |||
r-oldrel-windows-x86_64 | 0.1.1 | 74.00 | 77.00 | 151.00 | OK |
Version: 0.1.1
Check: installed package size
Result: NOTE
installed size is 5.1Mb
sub-directories of 1Mb or more:
libs 5.0Mb
Flavors: r-oldrel-macos-arm64, r-oldrel-macos-x86_64
These binaries (installable software) and packages are in development.
They may not be fully stable and should be used with caution. We make no claims about them.