Last updated on 2025-05-08 04:52:08 CEST.
Flavor | Version | Tinstall | Tcheck | Ttotal | Status | Flags |
---|---|---|---|---|---|---|
r-devel-linux-x86_64-debian-clang | 0.1.34 | 88.45 | 23.24 | 111.69 | OK | |
r-devel-linux-x86_64-debian-gcc | 0.1.34 | 68.07 | 18.74 | 86.81 | OK | |
r-devel-linux-x86_64-fedora-clang | 0.1.34 | 219.14 | OK | |||
r-devel-linux-x86_64-fedora-gcc | 0.1.34 | 254.80 | OK | |||
r-devel-windows-x86_64 | 0.1.34 | 105.00 | 46.00 | 151.00 | OK | |
r-patched-linux-x86_64 | 0.1.34 | 97.19 | 23.52 | 120.71 | OK | |
r-release-linux-x86_64 | 0.1.34 | 95.22 | 23.47 | 118.69 | OK | |
r-release-macos-arm64 | 0.1.34 | 48.00 | OK | |||
r-release-macos-x86_64 | 0.1.34 | 64.00 | OK | |||
r-release-windows-x86_64 | 0.1.34 | 105.00 | 54.00 | 159.00 | OK | |
r-oldrel-macos-arm64 | 0.1.34 | 56.00 | NOTE | |||
r-oldrel-macos-x86_64 | 0.1.34 | 69.00 | NOTE | |||
r-oldrel-windows-x86_64 | 0.1.34 | 106.00 | 49.00 | 155.00 | OK |
Version: 0.1.34
Check: installed package size
Result: NOTE
installed size is 7.2Mb
sub-directories of 1Mb or more:
libs 7.1Mb
Flavors: r-oldrel-macos-arm64, r-oldrel-macos-x86_64
These binaries (installable software) and packages are in development.
They may not be fully stable and should be used with caution. We make no claims about them.