Last updated on 2025-05-21 23:48:45 CEST.
Flavor | Version | Tinstall | Tcheck | Ttotal | Status | Flags |
---|---|---|---|---|---|---|
r-devel-linux-x86_64-debian-clang | 0.1.1 | 11.04 | 183.32 | 194.36 | OK | |
r-devel-linux-x86_64-debian-gcc | 0.1.1 | 7.27 | 125.09 | 132.36 | OK | |
r-devel-linux-x86_64-fedora-clang | 0.1.1 | 290.73 | NOTE | |||
r-devel-linux-x86_64-fedora-gcc | 0.1.1 | 300.57 | NOTE | |||
r-devel-windows-x86_64 | 0.1.1 | 12.00 | 203.00 | 215.00 | OK | |
r-patched-linux-x86_64 | 0.1.1 | 9.44 | 170.18 | 179.62 | OK | |
r-release-linux-x86_64 | 0.1.1 | 10.20 | 170.25 | 180.45 | OK | |
r-release-macos-arm64 | 0.1.1 | 89.00 | OK | |||
r-release-macos-x86_64 | 0.1.1 | 172.00 | OK | |||
r-release-windows-x86_64 | 0.1.1 | 14.00 | 180.00 | 194.00 | OK | |
r-oldrel-macos-arm64 | 0.1.1 | 90.00 | OK | |||
r-oldrel-macos-x86_64 | 0.1.1 | 133.00 | OK | |||
r-oldrel-windows-x86_64 | 0.1.1 | 16.00 | 217.00 | 233.00 | OK |
Version: 0.1.1
Check: dependencies in R code
Result: NOTE
Namespace in Imports field not imported from: ‘moonBook’
All declared Imports should be used.
Flavors: r-devel-linux-x86_64-fedora-clang, r-devel-linux-x86_64-fedora-gcc
These binaries (installable software) and packages are in development.
They may not be fully stable and should be used with caution. We make no claims about them.