Last updated on 2024-07-27 15:50:21 CEST.
Flavor | Version | Tinstall | Tcheck | Ttotal | Status | Flags |
---|---|---|---|---|---|---|
r-devel-linux-x86_64-debian-clang | 0.1.1 | 10.32 | 230.15 | 240.47 | OK | |
r-devel-linux-x86_64-debian-gcc | 0.1.1 | OK | ||||
r-devel-linux-x86_64-fedora-clang | 0.1.1 | 316.00 | NOTE | |||
r-devel-linux-x86_64-fedora-gcc | 0.1.1 | 315.97 | NOTE | |||
r-devel-windows-x86_64 | 0.1.1 | 13.00 | 178.00 | 191.00 | OK | |
r-patched-linux-x86_64 | 0.1.1 | OK | ||||
r-release-linux-x86_64 | 0.1.1 | 7.62 | 218.03 | 225.65 | OK | |
r-release-macos-arm64 | 0.1.1 | 90.00 | OK | |||
r-release-macos-x86_64 | 0.1.1 | 133.00 | OK | |||
r-release-windows-x86_64 | 0.1.1 | 12.00 | 175.00 | 187.00 | OK | |
r-oldrel-macos-arm64 | 0.1.1 | 90.00 | OK | |||
r-oldrel-macos-x86_64 | 0.1.1 | 168.00 | OK | |||
r-oldrel-windows-x86_64 | 0.1.1 | 16.00 | 230.00 | 246.00 | OK |
Version: 0.1.1
Check: dependencies in R code
Result: NOTE
Namespace in Imports field not imported from: ‘moonBook’
All declared Imports should be used.
Flavors: r-devel-linux-x86_64-fedora-clang, r-devel-linux-x86_64-fedora-gcc
These binaries (installable software) and packages are in development.
They may not be fully stable and should be used with caution. We make no claims about them.