Last updated on 2025-02-02 14:48:25 CET.
Flavor | Version | Tinstall | Tcheck | Ttotal | Status | Flags |
---|---|---|---|---|---|---|
r-devel-linux-x86_64-debian-clang | 0.8.0 | 14.41 | 119.88 | 134.29 | OK | |
r-devel-linux-x86_64-debian-gcc | 0.8.0 | 10.65 | 96.68 | 107.33 | OK | |
r-devel-linux-x86_64-fedora-clang | 0.8.0 | 209.82 | OK | |||
r-devel-linux-x86_64-fedora-gcc | 0.8.0 | 203.02 | OK | |||
r-devel-windows-x86_64 | 0.8.0 | 17.00 | 125.00 | 142.00 | OK | |
r-patched-linux-x86_64 | 0.8.0 | 14.92 | 125.18 | 140.10 | NOTE | |
r-release-linux-x86_64 | 0.8.0 | 15.70 | 125.90 | 141.60 | NOTE | |
r-release-macos-arm64 | 0.8.0 | 61.00 | NOTE | |||
r-release-macos-x86_64 | 0.8.0 | 121.00 | NOTE | |||
r-release-windows-x86_64 | 0.8.0 | 18.00 | 140.00 | 158.00 | NOTE | |
r-oldrel-macos-arm64 | 0.8.0 | 67.00 | NOTE | |||
r-oldrel-macos-x86_64 | 0.8.0 | 119.00 | NOTE | |||
r-oldrel-windows-x86_64 | 0.8.0 | 18.00 | 162.00 | 180.00 | NOTE |
Version: 0.8.0
Check: LazyData
Result: NOTE
'LazyData' is specified without a 'data' directory
Flavors: r-patched-linux-x86_64, r-release-linux-x86_64, r-release-macos-arm64, r-release-macos-x86_64, r-release-windows-x86_64, r-oldrel-macos-arm64, r-oldrel-macos-x86_64, r-oldrel-windows-x86_64
These binaries (installable software) and packages are in development.
They may not be fully stable and should be used with caution. We make no claims about them.