Last updated on 2025-11-12 12:53:12 CET.
| Flavor | Version | Tinstall | Tcheck | Ttotal | Status | Flags |
|---|---|---|---|---|---|---|
| r-devel-linux-x86_64-debian-clang | 0.1.0 | 368.42 | 161.11 | 529.53 | OK | |
| r-devel-linux-x86_64-debian-gcc | 0.1.0 | 331.79 | 138.38 | 470.17 | OK | |
| r-devel-linux-x86_64-fedora-clang | 0.1.0 | 780.00 | 25.13 | 805.13 | OK | |
| r-devel-linux-x86_64-fedora-gcc | 0.1.0 | 660.00 | 299.92 | 959.92 | OK | |
| r-devel-windows-x86_64 | 0.1.0 | 366.00 | 191.00 | 557.00 | OK | |
| r-patched-linux-x86_64 | 0.1.0 | 404.97 | 185.77 | 590.74 | OK | |
| r-release-linux-x86_64 | 0.1.0 | 409.87 | 187.79 | 597.66 | OK | |
| r-release-macos-arm64 | 0.1.0 | 130.00 | 35.00 | 165.00 | OK | |
| r-release-macos-x86_64 | 0.1.0 | 218.00 | 65.00 | 283.00 | OK | |
| r-release-windows-x86_64 | 0.1.0 | 348.00 | 190.00 | 538.00 | OK | |
| r-oldrel-macos-arm64 | 0.1.0 | 134.00 | 49.00 | 183.00 | NOTE | |
| r-oldrel-macos-x86_64 | 0.1.0 | 173.00 | 62.00 | 235.00 | NOTE | |
| r-oldrel-windows-x86_64 | 0.1.0 | 430.00 | 252.00 | 682.00 | OK |
Version: 0.1.0
Check: installed package size
Result: NOTE
installed size is 116.9Mb
sub-directories of 1Mb or more:
libs 116.4Mb
Flavors: r-oldrel-macos-arm64, r-oldrel-macos-x86_64
Version: 0.1.0
Check: for GNU extensions in Makefiles
Result: NOTE
GNU make is a SystemRequirements.
Flavors: r-oldrel-macos-arm64, r-oldrel-macos-x86_64
These binaries (installable software) and packages are in development.
They may not be fully stable and should be used with caution. We make no claims about them.