Last updated on 2025-11-11 15:50:36 CET.
| Flavor | Version | Tinstall | Tcheck | Ttotal | Status | Flags |
|---|---|---|---|---|---|---|
| r-devel-linux-x86_64-debian-clang | 0.1.2 | 2.71 | 23.47 | 26.18 | NOTE | |
| r-devel-linux-x86_64-debian-gcc | 0.1.2 | 2.23 | 18.30 | 20.53 | NOTE | |
| r-devel-linux-x86_64-fedora-clang | 0.1.2 | 15.00 | 27.23 | 42.23 | OK | |
| r-devel-linux-x86_64-fedora-gcc | 0.1.2 | 36.77 | OK | |||
| r-devel-windows-x86_64 | 0.1.2 | 4.00 | 42.00 | 46.00 | OK | |
| r-patched-linux-x86_64 | 0.1.2 | 3.02 | 22.47 | 25.49 | OK | |
| r-release-linux-x86_64 | 0.1.2 | 2.97 | 22.67 | 25.64 | OK | |
| r-release-macos-arm64 | 0.1.2 | 2.00 | 15.00 | 17.00 | OK | |
| r-release-macos-x86_64 | 0.1.2 | 4.00 | 31.00 | 35.00 | OK | |
| r-release-windows-x86_64 | 0.1.2 | 3.00 | 41.00 | 44.00 | OK | |
| r-oldrel-macos-arm64 | 0.1.2 | 2.00 | 16.00 | 18.00 | OK | |
| r-oldrel-macos-x86_64 | 0.1.2 | 3.00 | 21.00 | 24.00 | OK | |
| r-oldrel-windows-x86_64 | 0.1.2 | 4.00 | 42.00 | 46.00 | OK |
Version: 0.1.2
Check: CRAN incoming feasibility
Result: NOTE
Maintainer: ‘Kimihiro Noguchi <kimihiro.noguchi@wwu.edu>’
Package CITATION file contains call(s) to old-style personList() or
as.personList(). Please use c() on person objects instead.
Package CITATION file contains call(s) to old-style citEntry(). Please
use bibentry() instead.
Flavors: r-devel-linux-x86_64-debian-clang, r-devel-linux-x86_64-debian-gcc
These binaries (installable software) and packages are in development.
They may not be fully stable and should be used with caution. We make no claims about them.