Last updated on 2025-11-13 23:50:42 CET.
| Flavor | Version | Tinstall | Tcheck | Ttotal | Status | Flags |
|---|---|---|---|---|---|---|
| r-devel-linux-x86_64-debian-clang | 1.0.2 | 69.76 | 375.54 | 445.30 | OK | |
| r-devel-linux-x86_64-debian-gcc | 1.0.2 | 43.36 | 242.16 | 285.52 | OK | |
| r-devel-linux-x86_64-fedora-clang | 1.0.2 | 591.00 | 105.31 | 696.31 | ERROR | |
| r-devel-linux-x86_64-fedora-gcc | 1.0.2 | 147.00 | 5847.67 | 5994.67 | ERROR | |
| r-devel-windows-x86_64 | 1.0.2 | 72.00 | 316.00 | 388.00 | OK | |
| r-patched-linux-x86_64 | 1.0.2 | 65.56 | 367.20 | 432.76 | OK | |
| r-release-linux-x86_64 | 1.0.2 | 61.29 | 363.95 | 425.24 | OK | |
| r-release-macos-arm64 | 1.0.2 | 29.00 | 174.00 | 203.00 | OK | |
| r-release-macos-x86_64 | 1.0.2 | 50.00 | 401.00 | 451.00 | OK | |
| r-release-windows-x86_64 | 1.0.2 | 72.00 | 314.00 | 386.00 | OK | |
| r-oldrel-macos-arm64 | 1.0.2 | 29.00 | 181.00 | 210.00 | OK | |
| r-oldrel-macos-x86_64 | 1.0.2 | 49.00 | 410.00 | 459.00 | OK | |
| r-oldrel-windows-x86_64 | 1.0.2 | 89.00 | 445.00 | 534.00 | OK |
Version: 1.0.2
Check: tests
Result: ERROR
Running ‘testthat.R’ [0m/90m]
Running the tests in ‘tests/testthat.R’ failed.
Complete output:
> library(testthat)
> library(intkrige)
Loading required package: sp
Loading required package: gstat
Loading required package: raster
>
> test_check("intkrige")
[generalized least squares trend estimation]
[generalized least squares trend estimation]
[generalized least squares trend estimation]
OMP: Warning #96: Cannot form a team with 24 threads, using 2 instead.
OMP: Hint Consider unsetting KMP_DEVICE_THREAD_LIMIT (KMP_ALL_THREADS), KMP_TEAMS_THREAD_LIMIT, and OMP_THREAD_LIMIT (if any are set).
Flavor: r-devel-linux-x86_64-fedora-clang
Version: 1.0.2
Check: tests
Result: ERROR
Running ‘testthat.R’ [89m/63m]
Running the tests in ‘tests/testthat.R’ failed.
Complete output:
> library(testthat)
> library(intkrige)
Loading required package: sp
Loading required package: gstat
Loading required package: raster
>
> test_check("intkrige")
[generalized least squares trend estimation]
[generalized least squares trend estimation]
[generalized least squares trend estimation]
Flavor: r-devel-linux-x86_64-fedora-gcc
These binaries (installable software) and packages are in development.
They may not be fully stable and should be used with caution. We make no claims about them.