CRAN Package Check Results for Package intrinsicFRP

Last updated on 2025-10-03 13:49:37 CEST.

Flavor Version Tinstall Tcheck Ttotal Status Flags
r-devel-linux-x86_64-debian-clang 2.1.0 156.58 249.64 406.22 OK
r-devel-linux-x86_64-debian-gcc 2.1.0 104.43 208.64 313.07 OK
r-devel-linux-x86_64-fedora-clang 2.1.0 686.33 OK
r-devel-linux-x86_64-fedora-gcc 2.1.0 712.05 OK
r-devel-windows-x86_64 2.1.0 179.00 287.00 466.00 OK
r-patched-linux-x86_64 2.1.0 162.70 322.35 485.05 OK
r-release-linux-x86_64 2.1.0 161.83 322.94 484.77 OK
r-release-macos-arm64 2.1.0 260.00 OK
r-release-macos-x86_64 2.1.0 466.00 OK
r-release-windows-x86_64 2.1.0 180.00 300.00 480.00 OK
r-oldrel-macos-arm64 2.1.0 241.00 NOTE
r-oldrel-macos-x86_64 2.1.0 323.00 NOTE
r-oldrel-windows-x86_64 2.1.0 212.00 301.00 513.00 ERROR

Check Details

Version: 2.1.0
Check: installed package size
Result: NOTE installed size is 9.9Mb sub-directories of 1Mb or more: libs 9.6Mb Flavors: r-oldrel-macos-arm64, r-oldrel-macos-x86_64

Version: 2.1.0
Check: tests
Result: ERROR Running 'testthat.R' [208s] Running the tests in 'tests/testthat.R' failed. Complete output: > # This file is part of the standard setup for testthat. > # It is recommended that you do not modify it. > # > # Where should you do additional test configuration? > # Learn more about the roles of various files in: > # * https://r-pkgs.org/tests.html > # * https://testthat.r-lib.org/reference/test_package.html#special-files > > library(testthat) > library(intrinsicFRP) > > test_check("intrinsicFRP") [ FAIL 1 | WARN 0 | SKIP 0 | PASS 1138 ] ══ Failed tests ════════════════════════════════════════════════════════════════ ── Failure ('test-identification_tests.R:80:3'): Test ChenFang2019BetaRankTest and IterativeKleibergenPaap2006BetaRankTest ── Expected `ChenFang2019BetaRankTest(returns, random_factors)` to run without any errors. i Actually got a <std::runtime_error> with text: solve(): solution not found [ FAIL 1 | WARN 0 | SKIP 0 | PASS 1138 ] Error: Test failures Execution halted Flavor: r-oldrel-windows-x86_64

These binaries (installable software) and packages are in development.
They may not be fully stable and should be used with caution. We make no claims about them.