Last updated on 2025-02-16 08:50:50 CET.
Flavor | Version | Tinstall | Tcheck | Ttotal | Status | Flags |
---|---|---|---|---|---|---|
r-devel-linux-x86_64-debian-clang | 2.1.0 | 153.83 | 249.78 | 403.61 | OK | |
r-devel-linux-x86_64-debian-gcc | 2.1.0 | 113.67 | 203.38 | 317.05 | OK | |
r-devel-linux-x86_64-fedora-clang | 2.1.0 | 714.43 | OK | |||
r-devel-linux-x86_64-fedora-gcc | 2.1.0 | 860.28 | OK | |||
r-devel-macos-arm64 | 2.1.0 | 253.00 | OK | |||
r-devel-macos-x86_64 | 2.1.0 | 462.00 | OK | |||
r-devel-windows-x86_64 | 2.1.0 | 161.00 | 335.00 | 496.00 | OK | |
r-patched-linux-x86_64 | 2.1.0 | 157.67 | 303.37 | 461.04 | OK | |
r-release-linux-x86_64 | 2.1.0 | 160.57 | 316.99 | 477.56 | OK | |
r-release-macos-arm64 | 2.1.0 | 241.00 | NOTE | |||
r-release-macos-x86_64 | 2.1.0 | 323.00 | NOTE | |||
r-release-windows-x86_64 | 2.1.0 | 160.00 | 339.00 | 499.00 | OK | |
r-oldrel-macos-arm64 | 2.1.0 | 241.00 | NOTE | |||
r-oldrel-macos-x86_64 | 2.1.0 | 499.00 | NOTE | |||
r-oldrel-windows-x86_64 | 2.1.0 | 189.00 | 389.00 | 578.00 | OK |
Version: 2.1.0
Check: installed package size
Result: NOTE
installed size is 9.9Mb
sub-directories of 1Mb or more:
libs 9.6Mb
Flavors: r-release-macos-arm64, r-release-macos-x86_64, r-oldrel-macos-arm64, r-oldrel-macos-x86_64
These binaries (installable software) and packages are in development.
They may not be fully stable and should be used with caution. We make no claims about them.